Build Information
Failed to build Admob-SwiftUI, reference 1.0.3 (9ded9c), with Swift 6.1 for Wasm on 9 Jul 2026 13:48:10 UTC.
Build Command
bash -c docker run --pull=always --rm -v "checkouts-53886768-0":/host -w "$PWD" -e JAVA_HOME="/root/.sdkman/candidates/java/current" -e SPI_BUILD="1" -e SPI_PROCESSING="1" registry.gitlab.com/saguaro1/spi-images:wasm-6.1-latest swift build --swift-sdk wasm32-unknown-wasi 2>&1Build Log
========================================
RunAll
========================================
Builder version: 0e64495ecc1688c3b3e031a5ef1348b5c05091ae
Interrupt handler set up.
========================================
Checkout
========================================
Clone URL: https://github.com/0xWDG/Admob-SwiftUI.git
Reference: 1.0.3
Initialized empty Git repository in /host/spi-builder-workspace/.git/
hint: Using 'master' as the name for the initial branch. This default branch name
hint: is subject to change. To configure the initial branch name to use in all
hint: of your new repositories, which will suppress this warning, call:
hint:
hint: git config --global init.defaultBranch <name>
hint:
hint: Names commonly chosen instead of 'master' are 'main', 'trunk' and
hint: 'development'. The just-created branch can be renamed via this command:
hint:
hint: git branch -m <name>
From https://github.com/0xWDG/Admob-SwiftUI
* tag 1.0.3 -> FETCH_HEAD
HEAD is now at 9ded9c9 Fix PrivacyInfo.xcprivacy
Cloned https://github.com/0xWDG/Admob-SwiftUI.git
Revision (git rev-parse @):
9ded9c9d1acfdfe4d3951cb6ec97a3a7497107b2
SPI manifest file found: $PWD/.spi.yml
SUCCESS checkout https://github.com/0xWDG/Admob-SwiftUI.git at 1.0.3
========================================
Build
========================================
Selected platform: wasm
Swift version: 6.1
Building package at path: $PWD
https://github.com/0xWDG/Admob-SwiftUI.git
https://github.com/0xWDG/Admob-SwiftUI.git
WARNING: environment variable SUPPRESS_SWIFT_6_FLAGS is not set
Running build ...
bash -c docker run --pull=always --rm -v "checkouts-53886768-0":/host -w "$PWD" -e JAVA_HOME="/root/.sdkman/candidates/java/current" -e SPI_BUILD="1" -e SPI_PROCESSING="1" registry.gitlab.com/saguaro1/spi-images:wasm-6.1-latest swift build --swift-sdk wasm32-unknown-wasi -Xswiftc -Xfrontend -Xswiftc -stats-output-dir -Xswiftc -Xfrontend -Xswiftc .stats -Xswiftc -strict-concurrency=complete -Xswiftc -enable-upcoming-feature -Xswiftc StrictConcurrency -Xswiftc -enable-upcoming-feature -Xswiftc DisableOutwardActorInference -Xswiftc -enable-upcoming-feature -Xswiftc GlobalActorIsolatedTypesUsability -Xswiftc -enable-upcoming-feature -Xswiftc InferSendableFromCaptures 2>&1
wasm-6.1-latest: Pulling from saguaro1/spi-images
Digest: sha256:1ad245dad3d2ae0004e1afbc92334bd39884ed9ca587cf04d0a8d5f640fb02e9
Status: Image is up to date for registry.gitlab.com/saguaro1/spi-images:wasm-6.1-latest
Fetching https://github.com/googleads/swift-package-manager-google-mobile-ads.git
Fetching https://github.com/googleads/swift-package-manager-google-user-messaging-platform.git
[1/62] Fetching swift-package-manager-google-user-messaging-platform
[25/371] Fetching swift-package-manager-google-user-messaging-platform, swift-package-manager-google-mobile-ads
Fetched https://github.com/googleads/swift-package-manager-google-mobile-ads.git from cache (0.39s)
Fetched https://github.com/googleads/swift-package-manager-google-user-messaging-platform.git from cache (0.39s)
Computing version for https://github.com/googleads/swift-package-manager-google-user-messaging-platform.git
Computed https://github.com/googleads/swift-package-manager-google-user-messaging-platform.git at 2.7.0 (0.63s)
Computing version for https://github.com/googleads/swift-package-manager-google-mobile-ads.git
Computed https://github.com/googleads/swift-package-manager-google-mobile-ads.git at 11.13.0 (0.24s)
Creating working copy for https://github.com/googleads/swift-package-manager-google-user-messaging-platform.git
Working copy of https://github.com/googleads/swift-package-manager-google-user-messaging-platform.git resolved at 2.7.0
Creating working copy for https://github.com/googleads/swift-package-manager-google-mobile-ads.git
Working copy of https://github.com/googleads/swift-package-manager-google-mobile-ads.git resolved at 11.13.0
Downloading binary artifact https://dl.google.com/googleadmobadssdk/f2c09c60ee331ce0/googlemobileadsios-spm-11.13.0.zip
Downloading binary artifact https://dl.google.com/googleadmobadssdk/bd2f30ebe527900b/googleusermessagingplatformios-spm-2.7.0.zip
[1467/1467] Downloading https://dl.google.com/googleadmobadssdk/bd2f30ebe527900b/googleusermessagingplatformios-spm-2.7.0.zip
[66982/66982] Downloading https://dl.google.com/googleadmobadssdk/bd2f30ebe527900b/googleusermessagingplatformios-spm-2.7.0.zip, https://dl.google.com/googleadmobadssdk/f2c09c60ee331ce0/googlemobileadsios-spm-11.13.0.zip
Downloaded https://dl.google.com/googleadmobadssdk/bd2f30ebe527900b/googleusermessagingplatformios-spm-2.7.0.zip (0.20s)
[148777/148777] Downloading https://dl.google.com/googleadmobadssdk/f2c09c60ee331ce0/googlemobileadsios-spm-11.13.0.zip
Downloaded https://dl.google.com/googleadmobadssdk/f2c09c60ee331ce0/googlemobileadsios-spm-11.13.0.zip (0.69s)
Building for debugging...
[0/6] Write sources
[0/6] Copying PrivacyInfo.xcprivacy
[3/6] Copying Info.plist
[4/6] Compiling UserMessagingPlatformTarget placeholder.m
[5/6] Write swift-version-24593BA9C3E375BF.txt
[7/8] Compiling GoogleMobileAdsTarget placeholder.swift
[8/8] Emitting module GoogleMobileAdsTarget
[10/24] Compiling Admob_SwiftUI BannerPresentationState.swift
/host/spi-builder-workspace/Sources/Admob-SwiftUI/AdConsent.swift:11:8: error: no such module 'GoogleMobileAds'
9 |
10 | import Foundation
11 | import GoogleMobileAds
| `- error: no such module 'GoogleMobileAds'
12 | import UserMessagingPlatform
13 |
[11/24] Compiling Admob_SwiftUI BannerView.swift
/host/spi-builder-workspace/Sources/Admob-SwiftUI/AdConsent.swift:11:8: error: no such module 'GoogleMobileAds'
9 |
10 | import Foundation
11 | import GoogleMobileAds
| `- error: no such module 'GoogleMobileAds'
12 | import UserMessagingPlatform
13 |
[12/26] Compiling Admob_SwiftUI BannerViewController.swift
/host/spi-builder-workspace/Sources/Admob-SwiftUI/AdConsent.swift:11:8: error: no such module 'GoogleMobileAds'
9 |
10 | import Foundation
11 | import GoogleMobileAds
| `- error: no such module 'GoogleMobileAds'
12 | import UserMessagingPlatform
13 |
[13/26] Compiling Admob_SwiftUI ConsentCompletionQueue.swift
/host/spi-builder-workspace/Sources/Admob-SwiftUI/AdConsent.swift:11:8: error: no such module 'GoogleMobileAds'
9 |
10 | import Foundation
11 | import GoogleMobileAds
| `- error: no such module 'GoogleMobileAds'
12 | import UserMessagingPlatform
13 |
[14/26] Compiling Admob_SwiftUI AdView.swift
/host/spi-builder-workspace/Sources/Admob-SwiftUI/AdConsent.swift:11:8: error: no such module 'GoogleMobileAds'
9 |
10 | import Foundation
11 | import GoogleMobileAds
| `- error: no such module 'GoogleMobileAds'
12 | import UserMessagingPlatform
13 |
[15/26] Compiling Admob_SwiftUI BannerLoadState.swift
/host/spi-builder-workspace/Sources/Admob-SwiftUI/AdConsent.swift:11:8: error: no such module 'GoogleMobileAds'
9 |
10 | import Foundation
11 | import GoogleMobileAds
| `- error: no such module 'GoogleMobileAds'
12 | import UserMessagingPlatform
13 |
error: emit-module command failed with exit code 1 (use -v to see invocation)
[16/26] Emitting module Admob_SwiftUI
/host/spi-builder-workspace/Sources/Admob-SwiftUI/AdConsent.swift:11:8: error: no such module 'GoogleMobileAds'
9 |
10 | import Foundation
11 | import GoogleMobileAds
| `- error: no such module 'GoogleMobileAds'
12 | import UserMessagingPlatform
13 |
[17/26] Compiling Admob_SwiftUI AdHelper.swift
/host/spi-builder-workspace/Sources/Admob-SwiftUI/AdConsent.swift:11:8: error: no such module 'GoogleMobileAds'
9 |
10 | import Foundation
11 | import GoogleMobileAds
| `- error: no such module 'GoogleMobileAds'
12 | import UserMessagingPlatform
13 |
[18/26] Compiling Admob_SwiftUI AdTrackingAuthorization.swift
/host/spi-builder-workspace/Sources/Admob-SwiftUI/AdConsent.swift:11:8: error: no such module 'GoogleMobileAds'
9 |
10 | import Foundation
11 | import GoogleMobileAds
| `- error: no such module 'GoogleMobileAds'
12 | import UserMessagingPlatform
13 |
[19/26] Compiling Admob_SwiftUI AdConsent.swift
/host/spi-builder-workspace/Sources/Admob-SwiftUI/AdConsent.swift:11:8: error: no such module 'GoogleMobileAds'
9 |
10 | import Foundation
11 | import GoogleMobileAds
| `- error: no such module 'GoogleMobileAds'
12 | import UserMessagingPlatform
13 |
[20/26] Compiling Admob_SwiftUI AdConsentView.swift
/host/spi-builder-workspace/Sources/Admob-SwiftUI/AdConsent.swift:11:8: error: no such module 'GoogleMobileAds'
9 |
10 | import Foundation
11 | import GoogleMobileAds
| `- error: no such module 'GoogleMobileAds'
12 | import UserMessagingPlatform
13 |
[21/26] Compiling Admob_SwiftUI View+addAdPadding.swift
/host/spi-builder-workspace/Sources/Admob-SwiftUI/AdConsent.swift:11:8: error: no such module 'GoogleMobileAds'
9 |
10 | import Foundation
11 | import GoogleMobileAds
| `- error: no such module 'GoogleMobileAds'
12 | import UserMessagingPlatform
13 |
[22/26] Compiling Admob_SwiftUI resource_bundle_accessor.swift
/host/spi-builder-workspace/Sources/Admob-SwiftUI/AdConsent.swift:11:8: error: no such module 'GoogleMobileAds'
9 |
10 | import Foundation
11 | import GoogleMobileAds
| `- error: no such module 'GoogleMobileAds'
12 | import UserMessagingPlatform
13 |
[23/26] Compiling Admob_SwiftUI InterstitialAdEventStore.swift
/host/spi-builder-workspace/Sources/Admob-SwiftUI/AdConsent.swift:11:8: error: no such module 'GoogleMobileAds'
9 |
10 | import Foundation
11 | import GoogleMobileAds
| `- error: no such module 'GoogleMobileAds'
12 | import UserMessagingPlatform
13 |
[24/26] Compiling Admob_SwiftUI InterstitialAdManager.swift
/host/spi-builder-workspace/Sources/Admob-SwiftUI/AdConsent.swift:11:8: error: no such module 'GoogleMobileAds'
9 |
10 | import Foundation
11 | import GoogleMobileAds
| `- error: no such module 'GoogleMobileAds'
12 | import UserMessagingPlatform
13 |
[25/26] Compiling Admob_SwiftUI InternalBannerView.swift
/host/spi-builder-workspace/Sources/Admob-SwiftUI/AdConsent.swift:11:8: error: no such module 'GoogleMobileAds'
9 |
10 | import Foundation
11 | import GoogleMobileAds
| `- error: no such module 'GoogleMobileAds'
12 | import UserMessagingPlatform
13 |
[26/26] Compiling Admob_SwiftUI InterstitialAdEvent.swift
/host/spi-builder-workspace/Sources/Admob-SwiftUI/AdConsent.swift:11:8: error: no such module 'GoogleMobileAds'
9 |
10 | import Foundation
11 | import GoogleMobileAds
| `- error: no such module 'GoogleMobileAds'
12 | import UserMessagingPlatform
13 |
Running build ...
bash -c docker run --pull=always --rm -v "checkouts-53886768-0":/host -w "$PWD" -e JAVA_HOME="/root/.sdkman/candidates/java/current" -e SPI_BUILD="1" -e SPI_PROCESSING="1" registry.gitlab.com/saguaro1/spi-images:wasm-6.1-latest swift build --swift-sdk wasm32-unknown-wasi 2>&1
wasm-6.1-latest: Pulling from saguaro1/spi-images
Digest: sha256:1ad245dad3d2ae0004e1afbc92334bd39884ed9ca587cf04d0a8d5f640fb02e9
Status: Image is up to date for registry.gitlab.com/saguaro1/spi-images:wasm-6.1-latest
[0/1] Planning build
Building for debugging...
[0/1] Write swift-version-24593BA9C3E375BF.txt
[2/3] Emitting module GoogleMobileAdsTarget
[3/3] Compiling GoogleMobileAdsTarget placeholder.swift
[5/19] Compiling Admob_SwiftUI InterstitialAdEventStore.swift
/host/spi-builder-workspace/Sources/Admob-SwiftUI/AdConsent.swift:11:8: error: no such module 'GoogleMobileAds'
9 |
10 | import Foundation
11 | import GoogleMobileAds
| `- error: no such module 'GoogleMobileAds'
12 | import UserMessagingPlatform
13 |
[6/19] Compiling Admob_SwiftUI InterstitialAdManager.swift
/host/spi-builder-workspace/Sources/Admob-SwiftUI/AdConsent.swift:11:8: error: no such module 'GoogleMobileAds'
9 |
10 | import Foundation
11 | import GoogleMobileAds
| `- error: no such module 'GoogleMobileAds'
12 | import UserMessagingPlatform
13 |
[7/21] Compiling Admob_SwiftUI BannerViewController.swift
/host/spi-builder-workspace/Sources/Admob-SwiftUI/AdConsent.swift:11:8: error: no such module 'GoogleMobileAds'
9 |
10 | import Foundation
11 | import GoogleMobileAds
| `- error: no such module 'GoogleMobileAds'
12 | import UserMessagingPlatform
13 |
[8/21] Compiling Admob_SwiftUI ConsentCompletionQueue.swift
/host/spi-builder-workspace/Sources/Admob-SwiftUI/AdConsent.swift:11:8: error: no such module 'GoogleMobileAds'
9 |
10 | import Foundation
11 | import GoogleMobileAds
| `- error: no such module 'GoogleMobileAds'
12 | import UserMessagingPlatform
13 |
[9/21] Compiling Admob_SwiftUI AdView.swift
/host/spi-builder-workspace/Sources/Admob-SwiftUI/AdConsent.swift:11:8: error: no such module 'GoogleMobileAds'
9 |
10 | import Foundation
11 | import GoogleMobileAds
| `- error: no such module 'GoogleMobileAds'
12 | import UserMessagingPlatform
13 |
[10/21] Compiling Admob_SwiftUI BannerLoadState.swift
/host/spi-builder-workspace/Sources/Admob-SwiftUI/AdConsent.swift:11:8: error: no such module 'GoogleMobileAds'
9 |
10 | import Foundation
11 | import GoogleMobileAds
| `- error: no such module 'GoogleMobileAds'
12 | import UserMessagingPlatform
13 |
[11/21] Compiling Admob_SwiftUI AdHelper.swift
/host/spi-builder-workspace/Sources/Admob-SwiftUI/AdConsent.swift:11:8: error: no such module 'GoogleMobileAds'
9 |
10 | import Foundation
11 | import GoogleMobileAds
| `- error: no such module 'GoogleMobileAds'
12 | import UserMessagingPlatform
13 |
[12/21] Compiling Admob_SwiftUI AdTrackingAuthorization.swift
/host/spi-builder-workspace/Sources/Admob-SwiftUI/AdConsent.swift:11:8: error: no such module 'GoogleMobileAds'
9 |
10 | import Foundation
11 | import GoogleMobileAds
| `- error: no such module 'GoogleMobileAds'
12 | import UserMessagingPlatform
13 |
[13/21] Compiling Admob_SwiftUI BannerPresentationState.swift
/host/spi-builder-workspace/Sources/Admob-SwiftUI/AdConsent.swift:11:8: error: no such module 'GoogleMobileAds'
9 |
10 | import Foundation
11 | import GoogleMobileAds
| `- error: no such module 'GoogleMobileAds'
12 | import UserMessagingPlatform
13 |
[14/21] Compiling Admob_SwiftUI BannerView.swift
/host/spi-builder-workspace/Sources/Admob-SwiftUI/AdConsent.swift:11:8: error: no such module 'GoogleMobileAds'
9 |
10 | import Foundation
11 | import GoogleMobileAds
| `- error: no such module 'GoogleMobileAds'
12 | import UserMessagingPlatform
13 |
[15/21] Compiling Admob_SwiftUI InternalBannerView.swift
/host/spi-builder-workspace/Sources/Admob-SwiftUI/AdConsent.swift:11:8: error: no such module 'GoogleMobileAds'
9 |
10 | import Foundation
11 | import GoogleMobileAds
| `- error: no such module 'GoogleMobileAds'
12 | import UserMessagingPlatform
13 |
[16/21] Compiling Admob_SwiftUI InterstitialAdEvent.swift
/host/spi-builder-workspace/Sources/Admob-SwiftUI/AdConsent.swift:11:8: error: no such module 'GoogleMobileAds'
9 |
10 | import Foundation
11 | import GoogleMobileAds
| `- error: no such module 'GoogleMobileAds'
12 | import UserMessagingPlatform
13 |
error: emit-module command failed with exit code 1 (use -v to see invocation)
[17/21] Emitting module Admob_SwiftUI
/host/spi-builder-workspace/Sources/Admob-SwiftUI/AdConsent.swift:11:8: error: no such module 'GoogleMobileAds'
9 |
10 | import Foundation
11 | import GoogleMobileAds
| `- error: no such module 'GoogleMobileAds'
12 | import UserMessagingPlatform
13 |
[18/21] Compiling Admob_SwiftUI AdConsent.swift
/host/spi-builder-workspace/Sources/Admob-SwiftUI/AdConsent.swift:11:8: error: no such module 'GoogleMobileAds'
9 |
10 | import Foundation
11 | import GoogleMobileAds
| `- error: no such module 'GoogleMobileAds'
12 | import UserMessagingPlatform
13 |
[19/21] Compiling Admob_SwiftUI AdConsentView.swift
/host/spi-builder-workspace/Sources/Admob-SwiftUI/AdConsent.swift:11:8: error: no such module 'GoogleMobileAds'
9 |
10 | import Foundation
11 | import GoogleMobileAds
| `- error: no such module 'GoogleMobileAds'
12 | import UserMessagingPlatform
13 |
[20/21] Compiling Admob_SwiftUI View+addAdPadding.swift
/host/spi-builder-workspace/Sources/Admob-SwiftUI/AdConsent.swift:11:8: error: no such module 'GoogleMobileAds'
9 |
10 | import Foundation
11 | import GoogleMobileAds
| `- error: no such module 'GoogleMobileAds'
12 | import UserMessagingPlatform
13 |
[21/21] Compiling Admob_SwiftUI resource_bundle_accessor.swift
/host/spi-builder-workspace/Sources/Admob-SwiftUI/AdConsent.swift:11:8: error: no such module 'GoogleMobileAds'
9 |
10 | import Foundation
11 | import GoogleMobileAds
| `- error: no such module 'GoogleMobileAds'
12 | import UserMessagingPlatform
13 |
BUILD FAILURE 6.1 wasm