Build Information
Failed to build ImagePicker, reference main (0583f5), with Swift 6.4 for tvOS using Xcode 27.0 on 25 Sep 2026 22:10:12 UTC.
Build Command
env DEVELOPER_DIR=/Applications/Xcode-27.0.0-Release.Candidate.app xcrun xcodebuild -IDEClonedSourcePackagesDirPathOverride=$PWD/.dependencies -skipMacroValidation -skipPackagePluginValidation -derivedDataPath $PWD/.derivedData build -scheme ImagePicker -destination generic/platform=tvOSBuild Log
========================================
RunAll
========================================
Builder version: 5.1.0
Interrupt handler set up.
========================================
Checkout
========================================
Clone URL: https://github.com/0xWDG/ImagePicker.git
Reference: main
Initialized empty Git repository in /Users/admin/builder/spi-builder-workspace/.git/
From https://github.com/0xWDG/ImagePicker
* branch main -> FETCH_HEAD
* [new branch] main -> origin/main
HEAD is now at 0583f50 Improve reliability
Cloned https://github.com/0xWDG/ImagePicker.git
Revision (git rev-parse @):
0583f50787741d0bf3374bf1ff614343d9163d9d
SPI manifest file found: $PWD/.spi.yml
SUCCESS checkout https://github.com/0xWDG/ImagePicker.git at main
========================================
Build
========================================
Selected platform: tvOS
Swift version: 6.4
Building package at path: $PWD
https://github.com/0xWDG/ImagePicker.git
Command line invocation:
/Applications/Xcode-27.0.0-Release.Candidate.app/Contents/Developer/usr/bin/xcodebuild -IDEClonedSourcePackagesDirPathOverride=/Users/admin/builder/spi-builder-workspace/.dependencies -resolvePackageDependencies
Resolve Package Graph
Resolve Package Graph
Resolved source packages:
ImagePicker: /Users/admin/builder/spi-builder-workspace
resolved source packages: ImagePicker
2026-09-25 18:09:28.566 xcodebuild[524:3020] [MT] IDERunDestination: Supported platforms for the buildables in the current scheme is empty.
{
"dependencies" : [
],
"manifest_display_name" : "ImagePicker",
"name" : "ImagePicker",
"path" : "/Users/admin/builder/spi-builder-workspace",
"platforms" : [
{
"name" : "ios",
"version" : "16.0"
},
{
"name" : "macos",
"version" : "13.0"
},
{
"name" : "watchos",
"version" : "9.0"
},
{
"name" : "tvos",
"version" : "16.0"
}
],
"products" : [
{
"name" : "ImagePicker",
"targets" : [
"ImagePicker"
],
"type" : {
"library" : [
"automatic"
]
}
}
],
"targets" : [
{
"c99name" : "ImagePickerTests",
"module_type" : "SwiftTarget",
"name" : "ImagePickerTests",
"path" : "Tests/ImagePickerTests",
"sources" : [
"ImagePickerTests.swift"
],
"target_dependencies" : [
"ImagePicker"
],
"type" : "test"
},
{
"c99name" : "ImagePicker",
"module_type" : "SwiftTarget",
"name" : "ImagePicker",
"path" : "Sources/ImagePicker",
"product_memberships" : [
"ImagePicker"
],
"sources" : [
"ImageDownsampler.swift",
"ImagePicker.swift"
],
"type" : "library"
}
],
"tools_version" : "5.9"
}
{
"workspace" : {
"name" : "ImagePicker",
"schemes" : [
"ImagePicker"
]
}
}
2026-09-25 18:10:00.522 xcodebuild[622:3804] [MT] IDERunDestination: Supported platforms for the buildables in the current scheme is empty.
Running build ...
env DEVELOPER_DIR=/Applications/Xcode-27.0.0-Release.Candidate.app xcrun xcodebuild -IDEClonedSourcePackagesDirPathOverride=$PWD/.dependencies -skipMacroValidation -skipPackagePluginValidation -derivedDataPath $PWD/.derivedData build -scheme ImagePicker -destination generic/platform=tvOS
Command line invocation:
/Applications/Xcode-27.0.0-Release.Candidate.app/Contents/Developer/usr/bin/xcodebuild -IDEClonedSourcePackagesDirPathOverride=/Users/admin/builder/spi-builder-workspace/.dependencies -skipMacroValidation -skipPackagePluginValidation -derivedDataPath /Users/admin/builder/spi-builder-workspace/.derivedData build -scheme ImagePicker -destination generic/platform=tvOS
Resolve Package Graph
Resolved source packages:
ImagePicker: /Users/admin/builder/spi-builder-workspace
ComputePackagePrebuildTargetDependencyGraph
Prepare packages
CreateBuildRequest
SendProjectDescription
CreateBuildOperation
ComputeTargetDependencyGraph
note: Building targets in dependency order
note: Target dependency graph (2 targets)
Target 'ImagePicker-product' in project 'ImagePicker'
➜ Explicit dependency on target 'ImagePicker' in project 'ImagePicker'
Target 'ImagePicker' in project 'ImagePicker' (no dependencies)
GatherProvisioningInputs
CreateBuildDescription
ExecuteExternalTool /Applications/Xcode-27.0.0-Release.Candidate.app/Contents/Developer/Toolchains/XcodeDefault.xctoolchain/usr/bin/clang -v -E -dM -isysroot /Applications/Xcode-27.0.0-Release.Candidate.app/Contents/Developer/Platforms/AppleTVOS.platform/Developer/SDKs/AppleTVOS27.0.sdk -x c -c /dev/null
ExecuteExternalTool /Applications/Xcode-27.0.0-Release.Candidate.app/Contents/Developer/Toolchains/XcodeDefault.xctoolchain/usr/bin/swiftc --version
ExecuteExternalTool /Applications/Xcode-27.0.0-Release.Candidate.app/Contents/Developer/Toolchains/XcodeDefault.xctoolchain/usr/bin/ld -version_details
Build description signature: 5edd2858e5c858ecaa1ec55b06fbc61f
Build description path: /Users/admin/builder/spi-builder-workspace/.derivedData/Build/Intermediates.noindex/XCBuildData/5edd2858e5c858ecaa1ec55b06fbc61f.xcbuilddata
CreateBuildDirectory /Users/admin/builder/spi-builder-workspace/.derivedData/ModuleCache.noindex
cd /Users/admin/builder/spi-builder-workspace/.swiftpm/xcode
builtin-create-build-directory /Users/admin/builder/spi-builder-workspace/.derivedData/ModuleCache.noindex
CreateBuildDirectory /Users/admin/builder/spi-builder-workspace/.derivedData/SDKExplicitPrecompiledModules
cd /Users/admin/builder/spi-builder-workspace/.swiftpm/xcode
builtin-create-build-directory /Users/admin/builder/spi-builder-workspace/.derivedData/SDKExplicitPrecompiledModules
CreateBuildDirectory /Users/admin/builder/spi-builder-workspace/.derivedData/CompilationCache.noindex
cd /Users/admin/builder/spi-builder-workspace/.swiftpm/xcode
builtin-create-build-directory /Users/admin/builder/spi-builder-workspace/.derivedData/CompilationCache.noindex
CreateBuildDirectory /Users/admin/builder/spi-builder-workspace/.derivedData/Build/Intermediates.noindex
cd /Users/admin/builder/spi-builder-workspace/.swiftpm/xcode
builtin-create-build-directory /Users/admin/builder/spi-builder-workspace/.derivedData/Build/Intermediates.noindex
CreateBuildDirectory /Users/admin/builder/spi-builder-workspace/.derivedData/Build/Products
cd /Users/admin/builder/spi-builder-workspace/.swiftpm/xcode
builtin-create-build-directory /Users/admin/builder/spi-builder-workspace/.derivedData/Build/Products
ClangStatCache /Applications/Xcode-27.0.0-Release.Candidate.app/Contents/Developer/Toolchains/XcodeDefault.xctoolchain/usr/bin/clang-stat-cache /Applications/Xcode-27.0.0-Release.Candidate.app/Contents/Developer/Platforms/AppleTVOS.platform/Developer/SDKs/AppleTVOS27.0.sdk /Users/admin/builder/spi-builder-workspace/.derivedData/SDKStatCaches.noindex/appletvos27.0-24J360-e829b21a6f8c9b70876ba0858053c044b32bfd8d43560033f8d89884cdb90028.sdkstatcache
cd /Users/admin/builder/spi-builder-workspace/.swiftpm/xcode
/Applications/Xcode-27.0.0-Release.Candidate.app/Contents/Developer/Toolchains/XcodeDefault.xctoolchain/usr/bin/clang-stat-cache /Applications/Xcode-27.0.0-Release.Candidate.app/Contents/Developer/Platforms/AppleTVOS.platform/Developer/SDKs/AppleTVOS27.0.sdk -o /Users/admin/builder/spi-builder-workspace/.derivedData/SDKStatCaches.noindex/appletvos27.0-24J360-e829b21a6f8c9b70876ba0858053c044b32bfd8d43560033f8d89884cdb90028.sdkstatcache
CreateBuildDirectory /Users/admin/builder/spi-builder-workspace/.derivedData/Build/Intermediates.noindex/SwiftExplicitPrecompiledModules
cd /Users/admin/builder/spi-builder-workspace/.swiftpm/xcode
builtin-create-build-directory /Users/admin/builder/spi-builder-workspace/.derivedData/Build/Intermediates.noindex/SwiftExplicitPrecompiledModules
CreateBuildDirectory /Users/admin/builder/spi-builder-workspace/.derivedData/Build/Intermediates.noindex/PrecompiledHeaders
cd /Users/admin/builder/spi-builder-workspace/.swiftpm/xcode
builtin-create-build-directory /Users/admin/builder/spi-builder-workspace/.derivedData/Build/Intermediates.noindex/PrecompiledHeaders
CreateBuildDirectory /Users/admin/builder/spi-builder-workspace/.derivedData/Build/Intermediates.noindex/ExplicitPrecompiledModules
cd /Users/admin/builder/spi-builder-workspace/.swiftpm/xcode
builtin-create-build-directory /Users/admin/builder/spi-builder-workspace/.derivedData/Build/Intermediates.noindex/ExplicitPrecompiledModules
CreateBuildDirectory /Users/admin/builder/spi-builder-workspace/.derivedData/Build/Intermediates.noindex/EagerLinkingTBDs/Debug-appletvos
cd /Users/admin/builder/spi-builder-workspace/.swiftpm/xcode
builtin-create-build-directory /Users/admin/builder/spi-builder-workspace/.derivedData/Build/Intermediates.noindex/EagerLinkingTBDs/Debug-appletvos
CreateBuildDirectory /Users/admin/builder/spi-builder-workspace/.derivedData/Build/Products/Debug-appletvos
cd /Users/admin/builder/spi-builder-workspace/.swiftpm/xcode
builtin-create-build-directory /Users/admin/builder/spi-builder-workspace/.derivedData/Build/Products/Debug-appletvos
CreateBuildDirectory /Users/admin/builder/spi-builder-workspace/.derivedData/Build/Products/Debug-appletvos/PackageFrameworks
cd /Users/admin/builder/spi-builder-workspace/.swiftpm/xcode
builtin-create-build-directory /Users/admin/builder/spi-builder-workspace/.derivedData/Build/Products/Debug-appletvos/PackageFrameworks
WriteAuxiliaryFile /Users/admin/builder/spi-builder-workspace/.derivedData/Build/Intermediates.noindex/ImagePicker.build/Debug-appletvos/ImagePicker-t.build/ImagePicker.DependencyMetadataFileList (in target 'ImagePicker' from project 'ImagePicker')
cd /Users/admin/builder/spi-builder-workspace
write-file /Users/admin/builder/spi-builder-workspace/.derivedData/Build/Intermediates.noindex/ImagePicker.build/Debug-appletvos/ImagePicker-t.build/ImagePicker.DependencyMetadataFileList
WriteAuxiliaryFile /Users/admin/builder/spi-builder-workspace/.derivedData/Build/Intermediates.noindex/ImagePicker.build/Debug-appletvos/ImagePicker-t.build/ImagePicker.DependencyStaticMetadataFileList (in target 'ImagePicker' from project 'ImagePicker')
cd /Users/admin/builder/spi-builder-workspace
write-file /Users/admin/builder/spi-builder-workspace/.derivedData/Build/Intermediates.noindex/ImagePicker.build/Debug-appletvos/ImagePicker-t.build/ImagePicker.DependencyStaticMetadataFileList
WriteAuxiliaryFile /Users/admin/builder/spi-builder-workspace/.derivedData/Build/Intermediates.noindex/ImagePicker.build/Debug-appletvos/ImagePicker-t.build/ImagePicker.modulemap (in target 'ImagePicker' from project 'ImagePicker')
cd /Users/admin/builder/spi-builder-workspace
write-file /Users/admin/builder/spi-builder-workspace/.derivedData/Build/Intermediates.noindex/ImagePicker.build/Debug-appletvos/ImagePicker-t.build/ImagePicker.modulemap
WriteAuxiliaryFile /Users/admin/builder/spi-builder-workspace/.derivedData/Build/Intermediates.noindex/ImagePicker.build/Debug-appletvos/ImagePicker-t.build/Objects-normal/arm64/ImagePicker.LinkFileList (in target 'ImagePicker' from project 'ImagePicker')
cd /Users/admin/builder/spi-builder-workspace
write-file /Users/admin/builder/spi-builder-workspace/.derivedData/Build/Intermediates.noindex/ImagePicker.build/Debug-appletvos/ImagePicker-t.build/Objects-normal/arm64/ImagePicker.LinkFileList
WriteAuxiliaryFile /Users/admin/builder/spi-builder-workspace/.derivedData/Build/Intermediates.noindex/ImagePicker.build/Debug-appletvos/ImagePicker-t.build/Objects-normal/arm64/ImagePicker.SwiftConstValuesFileList (in target 'ImagePicker' from project 'ImagePicker')
cd /Users/admin/builder/spi-builder-workspace
write-file /Users/admin/builder/spi-builder-workspace/.derivedData/Build/Intermediates.noindex/ImagePicker.build/Debug-appletvos/ImagePicker-t.build/Objects-normal/arm64/ImagePicker.SwiftConstValuesFileList
WriteAuxiliaryFile /Users/admin/builder/spi-builder-workspace/.derivedData/Build/Intermediates.noindex/ImagePicker.build/Debug-appletvos/ImagePicker-t.build/Objects-normal/arm64/ImagePicker-OutputFileMap.json (in target 'ImagePicker' from project 'ImagePicker')
cd /Users/admin/builder/spi-builder-workspace
write-file /Users/admin/builder/spi-builder-workspace/.derivedData/Build/Intermediates.noindex/ImagePicker.build/Debug-appletvos/ImagePicker-t.build/Objects-normal/arm64/ImagePicker-OutputFileMap.json
WriteAuxiliaryFile /Users/admin/builder/spi-builder-workspace/.derivedData/Build/Intermediates.noindex/ImagePicker.build/Debug-appletvos/ImagePicker-t.build/Objects-normal/arm64/ImagePicker_const_extract_protocols.json (in target 'ImagePicker' from project 'ImagePicker')
cd /Users/admin/builder/spi-builder-workspace
write-file /Users/admin/builder/spi-builder-workspace/.derivedData/Build/Intermediates.noindex/ImagePicker.build/Debug-appletvos/ImagePicker-t.build/Objects-normal/arm64/ImagePicker_const_extract_protocols.json
WriteAuxiliaryFile /Users/admin/builder/spi-builder-workspace/.derivedData/Build/Intermediates.noindex/ImagePicker.build/Debug-appletvos/ImagePicker-t.build/Objects-normal/arm64/ImagePicker.SwiftFileList (in target 'ImagePicker' from project 'ImagePicker')
cd /Users/admin/builder/spi-builder-workspace
write-file /Users/admin/builder/spi-builder-workspace/.derivedData/Build/Intermediates.noindex/ImagePicker.build/Debug-appletvos/ImagePicker-t.build/Objects-normal/arm64/ImagePicker.SwiftFileList
Copy /Users/admin/builder/spi-builder-workspace/.derivedData/Build/Intermediates.noindex/GeneratedModuleMaps-appletvos/ImagePicker.modulemap /Users/admin/builder/spi-builder-workspace/.derivedData/Build/Intermediates.noindex/ImagePicker.build/Debug-appletvos/ImagePicker-t.build/ImagePicker.modulemap (in target 'ImagePicker' from project 'ImagePicker')
cd /Users/admin/builder/spi-builder-workspace
builtin-copy -exclude .DS_Store -exclude CVS -exclude .svn -exclude .git -exclude .hg -resolve-src-symlinks /Users/admin/builder/spi-builder-workspace/.derivedData/Build/Intermediates.noindex/ImagePicker.build/Debug-appletvos/ImagePicker-t.build/ImagePicker.modulemap /Users/admin/builder/spi-builder-workspace/.derivedData/Build/Intermediates.noindex/GeneratedModuleMaps-appletvos
SwiftDriver ImagePicker normal arm64 com.apple.xcode.tools.swift.compiler (in target 'ImagePicker' from project 'ImagePicker')
cd /Users/admin/builder/spi-builder-workspace/.swiftpm/xcode
builtin-SwiftDriver -- /Applications/Xcode-27.0.0-Release.Candidate.app/Contents/Developer/Toolchains/XcodeDefault.xctoolchain/usr/bin/swiftc -parse-as-library -module-name ImagePicker -Onone @/Users/admin/builder/spi-builder-workspace/.derivedData/Build/Intermediates.noindex/ImagePicker.build/Debug-appletvos/ImagePicker-t.build/Objects-normal/arm64/ImagePicker.SwiftFileList -DSWIFT_PACKAGE -DDEBUG -DSWIFT_MODULE_RESOURCE_BUNDLE_UNAVAILABLE -DXcode -plugin-path /Applications/Xcode-27.0.0-Release.Candidate.app/Contents/Developer/Toolchains/XcodeDefault.xctoolchain/usr/lib/swift/host/plugins/testing -enable-experimental-feature DebugDescriptionMacro -sdk /Applications/Xcode-27.0.0-Release.Candidate.app/Contents/Developer/Platforms/AppleTVOS.platform/Developer/SDKs/AppleTVOS27.0.sdk -target arm64-apple-tvos16.0 -g -module-cache-path /Users/admin/builder/spi-builder-workspace/.derivedData/ModuleCache.noindex -Xfrontend -serialize-debugging-options -profile-coverage-mapping -profile-generate -enable-testing -index-store-path /Users/admin/builder/spi-builder-workspace/.derivedData/Index.noindex/DataStore -Xcc -D_LIBCPP_HARDENING_MODE\=_LIBCPP_HARDENING_MODE_DEBUG -swift-version 5 -I /Users/admin/builder/spi-builder-workspace/.derivedData/Build/Products/Debug-appletvos -Isystem /Applications/Xcode-27.0.0-Release.Candidate.app/Contents/Developer/Platforms/AppleTVOS.platform/Developer/usr/lib -F /Users/admin/builder/spi-builder-workspace/.derivedData/Build/Products/Debug-appletvos -F /Applications/Xcode-27.0.0-Release.Candidate.app/Contents/Developer/Platforms/AppleTVOS.platform/Developer/Library/Frameworks -F /Applications/Xcode-27.0.0-Release.Candidate.app/Contents/Developer/Platforms/AppleTVOS.platform/Developer/SDKs/AppleTVOS27.0.sdk/Developer/Library/Frameworks -c -j10 -enable-batch-mode -incremental -Xcc -ivfsstatcache -Xcc /Users/admin/builder/spi-builder-workspace/.derivedData/SDKStatCaches.noindex/appletvos27.0-24J360-e829b21a6f8c9b70876ba0858053c044b32bfd8d43560033f8d89884cdb90028.sdkstatcache -output-file-map /Users/admin/builder/spi-builder-workspace/.derivedData/Build/Intermediates.noindex/ImagePicker.build/Debug-appletvos/ImagePicker-t.build/Objects-normal/arm64/ImagePicker-OutputFileMap.json -save-temps -no-color-diagnostics -explicit-module-build -module-cache-path /Users/admin/builder/spi-builder-workspace/.derivedData/Build/Intermediates.noindex/SwiftExplicitPrecompiledModules -clang-scanner-module-cache-path /Users/admin/builder/spi-builder-workspace/.derivedData/ModuleCache.noindex -sdk-module-cache-path /Users/admin/builder/spi-builder-workspace/.derivedData/SDKExplicitPrecompiledModules -emit-dependencies -emit-module -emit-module-path /Users/admin/builder/spi-builder-workspace/.derivedData/Build/Intermediates.noindex/ImagePicker.build/Debug-appletvos/ImagePicker-t.build/Objects-normal/arm64/ImagePicker.swiftmodule -serialize-diagnostics -dependency-scan-serialize-diagnostics-path /Users/admin/builder/spi-builder-workspace/.derivedData/Build/Intermediates.noindex/ImagePicker.build/Debug-appletvos/ImagePicker-t.build/Objects-normal/arm64/ImagePicker-dependency-scan.dia -validate-clang-modules-once -clang-build-session-file /Users/admin/builder/spi-builder-workspace/.derivedData/ModuleCache.noindex/Session.modulevalidation -Xcc -fmodules-prune-interval\=86400 -Xcc -fmodules-prune-after\=345600 -package-name spi_builder_workspace -emit-const-values -const-gather-protocols-list /Users/admin/builder/spi-builder-workspace/.derivedData/Build/Intermediates.noindex/ImagePicker.build/Debug-appletvos/ImagePicker-t.build/Objects-normal/arm64/ImagePicker_const_extract_protocols.json -Xcc -I/Users/admin/builder/spi-builder-workspace/.derivedData/Build/Products/Debug-appletvos/include -Xcc -I/Users/admin/builder/spi-builder-workspace/.derivedData/Build/Intermediates.noindex/ImagePicker.build/Debug-appletvos/ImagePicker-t.build/DerivedSources-normal/arm64 -Xcc -I/Users/admin/builder/spi-builder-workspace/.derivedData/Build/Intermediates.noindex/ImagePicker.build/Debug-appletvos/ImagePicker-t.build/DerivedSources/arm64 -Xcc -I/Users/admin/builder/spi-builder-workspace/.derivedData/Build/Intermediates.noindex/ImagePicker.build/Debug-appletvos/ImagePicker-t.build/DerivedSources -Xcc -DSWIFT_PACKAGE -Xcc -DDEBUG\=1 -emit-objc-header -emit-objc-header-path /Users/admin/builder/spi-builder-workspace/.derivedData/Build/Intermediates.noindex/ImagePicker.build/Debug-appletvos/ImagePicker-t.build/Objects-normal/arm64/ImagePicker-Swift.h -working-directory /Users/admin/builder/spi-builder-workspace/.swiftpm/xcode -experimental-emit-module-separately -disable-cmo
SwiftExplicitDependencyGeneratePcm arm64 /Users/admin/builder/spi-builder-workspace/.derivedData/SDKExplicitPrecompiledModules/_Builtin_float-8ZJAYZ85YBOAOP52Y9H6IUNP3.pcm
SwiftExplicitDependencyGeneratePcm arm64 /Users/admin/builder/spi-builder-workspace/.derivedData/SDKExplicitPrecompiledModules/_Builtin_stdarg-BO2OCAUYVAXDRVQWQ8ISKGNUQ.pcm
SwiftExplicitDependencyGeneratePcm arm64 /Users/admin/builder/spi-builder-workspace/.derivedData/SDKExplicitPrecompiledModules/_AvailabilityInternal-BV2EDDP0MI5QJDDPEEV4D9D3V.pcm
SwiftExplicitDependencyGeneratePcm arm64 /Users/admin/builder/spi-builder-workspace/.derivedData/SDKExplicitPrecompiledModules/DeveloperToolsSupport-B1X8RI63V48AJRTH2RK6JAARV.pcm
SwiftExplicitDependencyGeneratePcm arm64 /Users/admin/builder/spi-builder-workspace/.derivedData/SDKExplicitPrecompiledModules/_Builtin_stdbool-AHRDH5EKLY6D04C5E42F3VCQI.pcm
SwiftExplicitDependencyGeneratePcm arm64 /Users/admin/builder/spi-builder-workspace/.derivedData/SDKExplicitPrecompiledModules/_SwiftConcurrencyShims-BY5PD8KF1L5KF6F4Q69HE3TJ4.pcm
SwiftExplicitDependencyGeneratePcm arm64 /Users/admin/builder/spi-builder-workspace/.derivedData/SDKExplicitPrecompiledModules/ptrauth-8X2KEPL7CTRPS40TUB9APHPK6.pcm
SwiftExplicitDependencyGeneratePcm arm64 /Users/admin/builder/spi-builder-workspace/.derivedData/SDKExplicitPrecompiledModules/_Builtin_stddef-9ZJZ6FDEZNKTZU8YLPMFT9RAQ.pcm
SwiftExplicitDependencyGeneratePcm arm64 /Users/admin/builder/spi-builder-workspace/.derivedData/SDKExplicitPrecompiledModules/ptrcheck-2AZ6B5IBYD3RRRTFWN2ONASY3.pcm
SwiftExplicitDependencyGeneratePcm arm64 /Users/admin/builder/spi-builder-workspace/.derivedData/SDKExplicitPrecompiledModules/SwiftShims-8N4EXJ4RUJTR8K9OO3CMOH1EP.pcm
SwiftExplicitDependencyGeneratePcm arm64 /Users/admin/builder/spi-builder-workspace/.derivedData/SDKExplicitPrecompiledModules/_DarwinFoundation1-JOTYMOA1YZCIJ2NON6FQ848O.pcm
SwiftExplicitDependencyGeneratePcm arm64 /Users/admin/builder/spi-builder-workspace/.derivedData/SDKExplicitPrecompiledModules/_Builtin_limits-7JU2HP127LIT1X9E2V3D8WZ1.pcm
SwiftExplicitDependencyGeneratePcm arm64 /Users/admin/builder/spi-builder-workspace/.derivedData/SDKExplicitPrecompiledModules/_DarwinFoundation2-AOGAN1O02NKXRJN5V73AV3V3M.pcm
SwiftExplicitDependencyGeneratePcm arm64 /Users/admin/builder/spi-builder-workspace/.derivedData/SDKExplicitPrecompiledModules/ExtensionFoundation-6QFD7DEZ8B0V1CPXCTN45UZ81.pcm
SwiftExplicitDependencyGeneratePcm arm64 /Users/admin/builder/spi-builder-workspace/.derivedData/SDKExplicitPrecompiledModules/sys_types-8GCAV1YMG5UUGHUID3CA20TCH.pcm
SwiftExplicitDependencyGeneratePcm arm64 /Users/admin/builder/spi-builder-workspace/.derivedData/SDKExplicitPrecompiledModules/_Builtin_stdint-6NFTB6IBKS143IVPGT1EKB7HO.pcm
SwiftExplicitDependencyGeneratePcm arm64 /Users/admin/builder/spi-builder-workspace/.derivedData/SDKExplicitPrecompiledModules/string_h-6EVHP7A717OUS5DMC78F79HWO.pcm
SwiftExplicitDependencyGeneratePcm arm64 /Users/admin/builder/spi-builder-workspace/.derivedData/SDKExplicitPrecompiledModules/_Builtin_tgmath-7ULT1EUHDHW4OZPSTT33H6QGE.pcm
SwiftExplicitDependencyGeneratePcm arm64 /Users/admin/builder/spi-builder-workspace/.derivedData/SDKExplicitPrecompiledModules/_DarwinFoundation3-8SR3855WDFHQPR6G9GHOI2C07.pcm
SwiftExplicitDependencyGeneratePcm arm64 /Users/admin/builder/spi-builder-workspace/.derivedData/SDKExplicitPrecompiledModules/_Builtin_intrinsics-437O2R2NID4WAQVENR63GR82C.pcm
SwiftExplicitDependencyGeneratePcm arm64 /Users/admin/builder/spi-builder-workspace/.derivedData/SDKExplicitPrecompiledModules/_Builtin_stdatomic-3YXHN678NGYM3NL9POJ2HVEIF.pcm
SwiftExplicitDependencyGeneratePcm arm64 /Users/admin/builder/spi-builder-workspace/.derivedData/SDKExplicitPrecompiledModules/_Builtin_inttypes-6X1IQ3QK9KEVKXOK9Y79EW7J3.pcm
SwiftExplicitDependencyGeneratePcm arm64 /Users/admin/builder/spi-builder-workspace/.derivedData/SDKExplicitPrecompiledModules/Darwin-DBSQAVBBPC3D2OMU5ZI2RXMST.pcm
SwiftExplicitDependencyGeneratePcm arm64 /Users/admin/builder/spi-builder-workspace/.derivedData/SDKExplicitPrecompiledModules/simd-117QUXEUT3Z7UQCUYWV2UA228.pcm
SwiftExplicitDependencyGeneratePcm arm64 /Users/admin/builder/spi-builder-workspace/.derivedData/SDKExplicitPrecompiledModules/MachO-EH3F5PJCIZG05NO51CEFSZYPW.pcm
SwiftExplicitDependencyGeneratePcm arm64 /Users/admin/builder/spi-builder-workspace/.derivedData/SDKExplicitPrecompiledModules/ObjectiveC-5250FDCE56N8508OR6XUYDKZM.pcm
SwiftExplicitDependencyGeneratePcm arm64 /Users/admin/builder/spi-builder-workspace/.derivedData/SDKExplicitPrecompiledModules/os_object-E2DGZ0SX0TULQHULZRPO6OKNW.pcm
SwiftExplicitDependencyGeneratePcm arm64 /Users/admin/builder/spi-builder-workspace/.derivedData/SDKExplicitPrecompiledModules/os_workgroup-DBUFF7811DKMX7VPBOJPGGF1U.pcm
SwiftExplicitDependencyGeneratePcm arm64 /Users/admin/builder/spi-builder-workspace/.derivedData/SDKExplicitPrecompiledModules/Spatial-7U8NLEFXSB8BR7PJQGVMF5A4Q.pcm
SwiftExplicitDependencyGeneratePcm arm64 /Users/admin/builder/spi-builder-workspace/.derivedData/SDKExplicitPrecompiledModules/Dispatch-1QL58A0V50C39KVAIC6C38SHL.pcm
SwiftExplicitDependencyGeneratePcm arm64 /Users/admin/builder/spi-builder-workspace/.derivedData/SDKExplicitPrecompiledModules/XPC-6O2DJFT3QUJ7QKTD3SNUB6PCR.pcm
SwiftExplicitDependencyGeneratePcm arm64 /Users/admin/builder/spi-builder-workspace/.derivedData/SDKExplicitPrecompiledModules/CoreFoundation-7TPJ7ENDC4L1A1ESHYI9TXS0D.pcm
SwiftExplicitDependencyGeneratePcm arm64 /Users/admin/builder/spi-builder-workspace/.derivedData/SDKExplicitPrecompiledModules/dnssd-EP05MCI8X9XCB9GCC2I2LPUJV.pcm
SwiftExplicitDependencyGeneratePcm arm64 /Users/admin/builder/spi-builder-workspace/.derivedData/SDKExplicitPrecompiledModules/os-3GJI8H0BNAEZPQPQ1V0VVY3FY.pcm
SwiftExplicitDependencyGeneratePcm arm64 /Users/admin/builder/spi-builder-workspace/.derivedData/SDKExplicitPrecompiledModules/CoreAudioTypes-E7EH96HAL3G83QSWLT7VWYIP4.pcm
SwiftExplicitDependencyGeneratePcm arm64 /Users/admin/builder/spi-builder-workspace/.derivedData/SDKExplicitPrecompiledModules/CoreGraphics-CWSP3J98S2658BYCVL6RP99T3.pcm
SwiftExplicitDependencyGeneratePcm arm64 /Users/admin/builder/spi-builder-workspace/.derivedData/SDKExplicitPrecompiledModules/Security-8VMXEKVDA3MHUH9AOTP905DID.pcm
SwiftExplicitDependencyGeneratePcm arm64 /Users/admin/builder/spi-builder-workspace/.derivedData/SDKExplicitPrecompiledModules/CFNetwork-2CUR2VK9S3S3WPFXPNXNUWYGN.pcm
SwiftExplicitDependencyGeneratePcm arm64 /Users/admin/builder/spi-builder-workspace/.derivedData/SDKExplicitPrecompiledModules/CoreAudio-6IR1XRM0Q9YQZMFW89F3H4V3X.pcm
SwiftExplicitDependencyGeneratePcm arm64 /Users/admin/builder/spi-builder-workspace/.derivedData/SDKExplicitPrecompiledModules/Foundation-BSSIP64DIGUKMAYJOG1WPQ78X.pcm
SwiftExplicitDependencyGeneratePcm arm64 /Users/admin/builder/spi-builder-workspace/.derivedData/SDKExplicitPrecompiledModules/CoreText-59NY7PABM0I4V978161FOC04A.pcm
SwiftExplicitDependencyGeneratePcm arm64 /Users/admin/builder/spi-builder-workspace/.derivedData/SDKExplicitPrecompiledModules/ImageIO-88D4CLEBD4CLWQKT78PZ6H1O8.pcm
SwiftExplicitDependencyGeneratePcm arm64 /Users/admin/builder/spi-builder-workspace/.derivedData/SDKExplicitPrecompiledModules/Symbols-B5AU9VM9Y7NU79RLMH13Z4IFM.pcm
SwiftExplicitDependencyGeneratePcm arm64 /Users/admin/builder/spi-builder-workspace/.derivedData/SDKExplicitPrecompiledModules/UIUtilities-6ZFJ1AK4H8IBGEBMYQBWGBYLK.pcm
SwiftExplicitDependencyGeneratePcm arm64 /Users/admin/builder/spi-builder-workspace/.derivedData/SDKExplicitPrecompiledModules/_LocationEssentials-ETSJ65FELPWR8WH8G49R1DF2E.pcm
SwiftExplicitDependencyGeneratePcm arm64 /Users/admin/builder/spi-builder-workspace/.derivedData/SDKExplicitPrecompiledModules/UserNotifications-E9ZW5TH066WIJWH9080RC5NG4.pcm
SwiftExplicitDependencyGeneratePcm arm64 /Users/admin/builder/spi-builder-workspace/.derivedData/SDKExplicitPrecompiledModules/CoreData-DYMPHH3PH8AX9I1FHA4VFJ675.pcm
SwiftExplicitDependencyGeneratePcm arm64 /Users/admin/builder/spi-builder-workspace/.derivedData/SDKExplicitPrecompiledModules/CoreMIDI-23HL6T8YUJM8DF3NKDJAU0CM7.pcm
SwiftExplicitDependencyGeneratePcm arm64 /Users/admin/builder/spi-builder-workspace/.derivedData/SDKExplicitPrecompiledModules/Network-4N07O3JN82GNOWXYH2TBMWON5.pcm
SwiftExplicitDependencyGeneratePcm arm64 /Users/admin/builder/spi-builder-workspace/.derivedData/SDKExplicitPrecompiledModules/IOSurface-38FJ1CKX9FV2RD97O64Z7QB17.pcm
SwiftExplicitDependencyGeneratePcm arm64 /Users/admin/builder/spi-builder-workspace/.derivedData/SDKExplicitPrecompiledModules/DataDetection-37JIYZ2GWDA1L166PP1D9JKAF.pcm
SwiftExplicitDependencyGeneratePcm arm64 /Users/admin/builder/spi-builder-workspace/.derivedData/SDKExplicitPrecompiledModules/AVRouting-53KTSRU06N7KHZMUFWVUAHAVC.pcm
SwiftExplicitDependencyGeneratePcm arm64 /Users/admin/builder/spi-builder-workspace/.derivedData/SDKExplicitPrecompiledModules/Accessibility-B6BODGZ4MQQTY0PBC4SHRP009.pcm
SwiftExplicitDependencyGeneratePcm arm64 /Users/admin/builder/spi-builder-workspace/.derivedData/SDKExplicitPrecompiledModules/UniformTypeIdentifiers-95CC8U42ZA9STP5K6GP9ZVJS5.pcm
SwiftExplicitDependencyGeneratePcm arm64 /Users/admin/builder/spi-builder-workspace/.derivedData/SDKExplicitPrecompiledModules/CoreTransferable-7V4O8DATEQ9F7SDNTCW8YWLG3.pcm
SwiftExplicitDependencyGeneratePcm arm64 /Users/admin/builder/spi-builder-workspace/.derivedData/SDKExplicitPrecompiledModules/OSLog-7OT6HHTMY0ZFEQJ095LJZ6NLC.pcm
SwiftExplicitDependencyGeneratePcm arm64 /Users/admin/builder/spi-builder-workspace/.derivedData/SDKExplicitPrecompiledModules/CoreLocation-YVXXAOMVX0JH2KO1XTTKTY51.pcm
SwiftExplicitDependencyGeneratePcm arm64 /Users/admin/builder/spi-builder-workspace/.derivedData/SDKExplicitPrecompiledModules/Metal-2KYBS7IML1SD788M91YV7Q0CC.pcm
SwiftExplicitDependencyGeneratePcm arm64 /Users/admin/builder/spi-builder-workspace/.derivedData/SDKExplicitPrecompiledModules/OpenGLES-4NY99CNDU9WUNUYEIXSS1QFGE.pcm
SwiftExplicitDependencyGeneratePcm arm64 /Users/admin/builder/spi-builder-workspace/.derivedData/SDKExplicitPrecompiledModules/AudioToolbox-BFZSY3NS10U8E5FG2JHTQ7SO8.pcm
SwiftExplicitDependencyGeneratePcm arm64 /Users/admin/builder/spi-builder-workspace/.derivedData/SDKExplicitPrecompiledModules/CloudKit-87XEUK0KFMLVKAO7BT1XG0RKM.pcm
SwiftExplicitDependencyGeneratePcm arm64 /Users/admin/builder/spi-builder-workspace/.derivedData/SDKExplicitPrecompiledModules/CoreVideo-DPU0PB5X0XLSVA2ETRGI6FJBM.pcm
SwiftExplicitDependencyGeneratePcm arm64 /Users/admin/builder/spi-builder-workspace/.derivedData/SDKExplicitPrecompiledModules/CoreImage-7S2AFJ8EIY3DUFYLEAX1JR1QV.pcm
SwiftExplicitDependencyGeneratePcm arm64 /Users/admin/builder/spi-builder-workspace/.derivedData/SDKExplicitPrecompiledModules/QuartzCore-DJSYAWKXFGVSAK5CQMOB3JSR.pcm
SwiftExplicitDependencyGeneratePcm arm64 /Users/admin/builder/spi-builder-workspace/.derivedData/SDKExplicitPrecompiledModules/CoreMedia-4OUKVT03LV547KZJDPPJRJ4F8.pcm
SwiftExplicitDependencyGeneratePcm arm64 /Users/admin/builder/spi-builder-workspace/.derivedData/SDKExplicitPrecompiledModules/SwiftUICore-543QU5V2NHKUFCYFJDKUJ7NYG.pcm
SwiftExplicitDependencyGeneratePcm arm64 /Users/admin/builder/spi-builder-workspace/.derivedData/SDKExplicitPrecompiledModules/VideoToolbox-9D68N9ZVOUSE0ZFYNU39RYT33.pcm
SwiftExplicitDependencyGeneratePcm arm64 /Users/admin/builder/spi-builder-workspace/.derivedData/SDKExplicitPrecompiledModules/MediaToolbox-4OQJAKJ1UOGLVUHH8TJFAFUX8.pcm
SwiftExplicitDependencyGeneratePcm arm64 /Users/admin/builder/spi-builder-workspace/.derivedData/SDKExplicitPrecompiledModules/AVFAudio-I2OUXVW3JAJP9H9YYQSK67OC.pcm
SwiftExplicitDependencyGeneratePcm arm64 /Users/admin/builder/spi-builder-workspace/.derivedData/SDKExplicitPrecompiledModules/UIKit-1TKWN7VC2X6N3ITMRVA2G0EB2.pcm
SwiftExplicitDependencyGeneratePcm arm64 /Users/admin/builder/spi-builder-workspace/.derivedData/SDKExplicitPrecompiledModules/AVFoundation-4DKPNMYIKC5WBJ7VZILY1MMIU.pcm
SwiftExplicitDependencyGeneratePcm arm64 /Users/admin/builder/spi-builder-workspace/.derivedData/SDKExplicitPrecompiledModules/Photos-7MEE6JGC4O3TFWLBV7USC0WXU.pcm
SwiftExplicitDependencyGeneratePcm arm64 /Users/admin/builder/spi-builder-workspace/.derivedData/SDKExplicitPrecompiledModules/SwiftUI-7BV1YDT6IZWW6B8OC6ENV0Y0F.pcm
SwiftExplicitDependencyGeneratePcm arm64 /Users/admin/builder/spi-builder-workspace/.derivedData/SDKExplicitPrecompiledModules/PhotosUI-3WOBAURVFS536UVVLDSV0Z32C.pcm
SwiftEmitModule normal arm64 Emitting\ module\ for\ ImagePicker (in target 'ImagePicker' from project 'ImagePicker')
/Users/admin/builder/spi-builder-workspace/Sources/ImagePicker/ImagePicker.swift:39:37: error: cannot find type 'PhotosPickerItem' in scope
37 | /// The selected picker item
38 | @State
39 | private var selectedPickerItem: PhotosPickerItem?
| `- error: cannot find type 'PhotosPickerItem' in scope
40 |
41 | /// The longest edge of the decoded image, in pixels
macro expansion @State:2:24: error: cannot find type 'PhotosPickerItem' in scope
`- /Users/admin/builder/spi-builder-workspace/Sources/ImagePicker/ImagePicker.swift:39:54: note: expanded code originates here
36 |
37 | /// The selected picker item
38 | @State
| `- note: in expansion of macro 'State' on property 'selectedPickerItem' here
39 | private var selectedPickerItem: PhotosPickerItem?
+--- macro expansion @State ----------------------------------------
| 1 | private var __selectedPickerItem = SwiftUICore.State._makeStorage(({
| 2 | let value: PhotosPickerItem? = nil
| | `- error: cannot find type 'PhotosPickerItem' in scope
| 3 | return value
| 4 | }))
+-------------------------------------------------------------------
40 |
41 | /// The longest edge of the decoded image, in pixels
macro expansion @State:8:27: error: cannot find type 'PhotosPickerItem' in scope
`- /Users/admin/builder/spi-builder-workspace/Sources/ImagePicker/ImagePicker.swift:39:54: note: expanded code originates here
36 |
37 | /// The selected picker item
38 | @State
| `- note: in expansion of macro 'State' on property 'selectedPickerItem' here
39 | private var selectedPickerItem: PhotosPickerItem?
+--- macro expansion @State ----------------------------------------
| 6 | @SwiftUICore._StatePropertyWrapperStorage(initialValue: "JHMxMUltYWdlUGlja2VyQUFWMDhzZWxlY3RlZEI0SXRlbTAxMF9GNjBDOUU4RTNIMjFDQTY2RjE4NEE0QjdDNUE5NUU1RDNMTDVTdGF0ZWZNcF8yMF9pbml0aWFsU3RvcmVkVmFsdWVfZk11Xw==")
| 7 | private var _selectedPickerItem: SwiftUICore.State<_>! = SwiftUICore._stateNil(of: {
| 8 | SwiftUICore.State<PhotosPickerItem?>(initialValue: nil)
| | `- error: cannot find type 'PhotosPickerItem' in scope
| 9 | })
|10 |
+-------------------------------------------------------------------
40 |
41 | /// The longest edge of the decoded image, in pixels
macro expansion @State:7:52: error: could not infer type for placeholder
`- /Users/admin/builder/spi-builder-workspace/Sources/ImagePicker/ImagePicker.swift:39:54: note: expanded code originates here
36 |
37 | /// The selected picker item
38 | @State
| `- note: in expansion of macro 'State' on property 'selectedPickerItem' here
39 | private var selectedPickerItem: PhotosPickerItem?
+--- macro expansion @State ----------------------------------------
| 5 |
| 6 | @SwiftUICore._StatePropertyWrapperStorage(initialValue: "JHMxMUltYWdlUGlja2VyQUFWMDhzZWxlY3RlZEI0SXRlbTAxMF9GNjBDOUU4RTNIMjFDQTY2RjE4NEE0QjdDNUE5NUU1RDNMTDVTdGF0ZWZNcF8yMF9pbml0aWFsU3RvcmVkVmFsdWVfZk11Xw==")
| 7 | private var _selectedPickerItem: SwiftUICore.State<_>! = SwiftUICore._stateNil(of: {
| | `- error: could not infer type for placeholder
| 8 | SwiftUICore.State<PhotosPickerItem?>(initialValue: nil)
| 9 | })
+-------------------------------------------------------------------
40 |
41 | /// The longest edge of the decoded image, in pixels
macro expansion @State:12:53: error: cannot find type 'PhotosPickerItem' in scope
`- /Users/admin/builder/spi-builder-workspace/Sources/ImagePicker/ImagePicker.swift:39:54: note: expanded code originates here
36 |
37 | /// The selected picker item
38 | @State
| `- note: in expansion of macro 'State' on property 'selectedPickerItem' here
39 | private var selectedPickerItem: PhotosPickerItem?
+--- macro expansion @State ----------------------------------------
|10 |
|11 | @SwiftUICore._StateProjectedValue
|12 | private var $selectedPickerItem = SwiftUICore.State<PhotosPickerItem?>(initialValue: nil).projectedValue
| | `- error: cannot find type 'PhotosPickerItem' in scope
|13 |
|14 | @SwiftUICore._StateInitialStoredValue("U3dpZnRVSUNvcmUuU3RhdGUuX21ha2VTdG9yYWdlKGluaXRpYWxWYWx1ZTogeyBsZXQgeDogUGhvdG9zUGlja2VySXRlbT8gPSBuaWwKcmV0dXJuIHggfSgpKQ==")
+-------------------------------------------------------------------
40 |
41 | /// The longest edge of the decoded image, in pixels
macro expansion @State:16:20: error: cannot find type 'PhotosPickerItem' in scope
`- /Users/admin/builder/spi-builder-workspace/Sources/ImagePicker/ImagePicker.swift:39:54: note: expanded code originates here
36 |
37 | /// The selected picker item
38 | @State
| `- note: in expansion of macro 'State' on property 'selectedPickerItem' here
39 | private var selectedPickerItem: PhotosPickerItem?
+--- macro expansion @State ----------------------------------------
|14 | @SwiftUICore._StateInitialStoredValue("U3dpZnRVSUNvcmUuU3RhdGUuX21ha2VTdG9yYWdlKGluaXRpYWxWYWx1ZTogeyBsZXQgeDogUGhvdG9zUGlja2VySXRlbT8gPSBuaWwKcmV0dXJuIHggfSgpKQ==")
|15 | private static var $s11ImagePickerAAV08selectedB4Item010_F60C9E8E3H21CA66F184A4B7C5A95E5D3LL5StatefMp_20_initialStoredValue_fMu_ = (SwiftUICore.State._makeStorage(initialValue: {
|16 | let x: PhotosPickerItem? = nil
| | `- error: cannot find type 'PhotosPickerItem' in scope
|17 | return x
|18 | }()))
+-------------------------------------------------------------------
40 |
41 | /// The longest edge of the decoded image, in pixels
Failed frontend command:
SwiftCompile normal arm64 (in target 'ImagePicker' from project 'ImagePicker')
cd /Users/admin/builder/spi-builder-workspace/.swiftpm/xcode
/Applications/Xcode-27.0.0-Release.Candidate.app/Contents/Developer/Toolchains/XcodeDefault.xctoolchain/usr/bin/swift-frontend -frontend -emit-module -experimental-skip-non-inlinable-function-bodies-without-types /Users/admin/builder/spi-builder-workspace/Sources/ImagePicker/ImageDownsampler.swift /Users/admin/builder/spi-builder-workspace/Sources/ImagePicker/ImagePicker.swift -target arm64-apple-tvos16.0 -module-can-import-version SwiftUI 8.0.84 8.0.84 -disable-cross-import-overlay-search -load-resolved-plugin /Applications/Xcode-27.0.0-Release.Candidate.app/Contents/Developer/Platforms/AppleTVOS.platform/Developer/usr/lib/swift/host/plugins/libFoundationMacros.dylib\#/Applications/Xcode-27.0.0-Release.Candidate.app/Contents/Developer/Platforms/AppleTVOS.platform/Developer/usr/bin/swift-plugin-server\#FoundationMacros -load-resolved-plugin /Applications/Xcode-27.0.0-Release.Candidate.app/Contents/Developer/Platforms/AppleTVOS.platform/Developer/usr/lib/swift/host/plugins/libObservationMacros.dylib\#/Applications/Xcode-27.0.0-Release.Candidate.app/Contents/Developer/Platforms/AppleTVOS.platform/Developer/usr/bin/swift-plugin-server\#ObservationMacros -load-resolved-plugin /Applications/Xcode-27.0.0-Release.Candidate.app/Contents/Developer/Platforms/AppleTVOS.platform/Developer/usr/lib/swift/host/plugins/libPreviewsMacros.dylib\#/Applications/Xcode-27.0.0-Release.Candidate.app/Contents/Developer/Platforms/AppleTVOS.platform/Developer/usr/bin/swift-plugin-server\#PreviewsMacros -load-resolved-plugin /Applications/Xcode-27.0.0-Release.Candidate.app/Contents/Developer/Platforms/AppleTVOS.platform/Developer/usr/lib/swift/host/plugins/libSwiftMacros.dylib\#/Applications/Xcode-27.0.0-Release.Candidate.app/Contents/Developer/Platforms/AppleTVOS.platform/Developer/usr/bin/swift-plugin-server\#SwiftMacros -load-resolved-plugin /Applications/Xcode-27.0.0-Release.Candidate.app/Contents/Developer/Platforms/AppleTVOS.platform/Developer/usr/lib/swift/host/plugins/libSwiftUIMacros.dylib\#/Applications/Xcode-27.0.0-Release.Candidate.app/Contents/Developer/Platforms/AppleTVOS.platform/Developer/usr/bin/swift-plugin-server\#SwiftUIMacros -disable-implicit-swift-modules -Xcc -fno-implicit-modules -Xcc -fno-implicit-module-maps -explicit-swift-module-map-file /Users/admin/builder/spi-builder-workspace/.derivedData/Build/Intermediates.noindex/ImagePicker.build/Debug-appletvos/ImagePicker-t.build/Objects-normal/arm64/ImagePicker-dependencies-1.json -Xllvm -aarch64-use-tbi -enable-objc-interop -stack-check -sdk /Applications/Xcode-27.0.0-Release.Candidate.app/Contents/Developer/Platforms/AppleTVOS.platform/Developer/SDKs/AppleTVOS27.0.sdk -I /Users/admin/builder/spi-builder-workspace/.derivedData/Build/Products/Debug-appletvos -Isystem /Applications/Xcode-27.0.0-Release.Candidate.app/Contents/Developer/Platforms/AppleTVOS.platform/Developer/usr/lib -F /Users/admin/builder/spi-builder-workspace/.derivedData/Build/Products/Debug-appletvos -F /Applications/Xcode-27.0.0-Release.Candidate.app/Contents/Developer/Platforms/AppleTVOS.platform/Developer/Library/Frameworks -F /Applications/Xcode-27.0.0-Release.Candidate.app/Contents/Developer/Platforms/AppleTVOS.platform/Developer/SDKs/AppleTVOS27.0.sdk/Developer/Library/Frameworks -module-cache-path /Users/admin/builder/spi-builder-workspace/.derivedData/Build/Intermediates.noindex/SwiftExplicitPrecompiledModules -no-color-diagnostics -Xcc -fno-color-diagnostics -enable-testing -g -debug-info-format\=dwarf -dwarf-version\=4 -profile-generate -profile-coverage-mapping -swift-version 5 -Onone -D SWIFT_PACKAGE -D DEBUG -D SWIFT_MODULE_RESOURCE_BUNDLE_UNAVAILABLE -D Xcode -serialize-debugging-options -enable-experimental-feature DebugDescriptionMacro -empty-abi-descriptor -validate-clang-modules-once -clang-build-session-file /Users/admin/builder/spi-builder-workspace/.derivedData/ModuleCache.noindex/Session.modulevalidation -Xcc -working-directory -Xcc /Users/admin/builder/spi-builder-workspace/.swiftpm/xcode -enable-anonymous-context-mangled-names -file-compilation-dir /Users/admin/builder/spi-builder-workspace/.swiftpm/xcode -Xcc -D_LIBCPP_HARDENING_MODE\=_LIBCPP_HARDENING_MODE_DEBUG -Xcc -ivfsstatcache -Xcc /Users/admin/builder/spi-builder-workspace/.derivedData/SDKStatCaches.noindex/appletvos27.0-24J360-e829b21a6f8c9b70876ba0858053c044b32bfd8d43560033f8d89884cdb90028.sdkstatcache -Xcc -fmodules-prune-interval\=86400 -Xcc -fmodules-prune-after\=345600 -Xcc -I/Users/admin/builder/spi-builder-workspace/.derivedData/Build/Products/Debug-appletvos/include -Xcc -I/Users/admin/builder/spi-builder-workspace/.derivedData/Build/Intermediates.noindex/ImagePicker.build/Debug-appletvos/ImagePicker-t.build/DerivedSources-normal/arm64 -Xcc -I/Users/admin/builder/spi-builder-workspace/.derivedData/Build/Intermediates.noindex/ImagePicker.build/Debug-appletvos/ImagePicker-t.build/DerivedSources/arm64 -Xcc -I/Users/admin/builder/spi-builder-workspace/.derivedData/Build/Intermediates.noindex/ImagePicker.build/Debug-appletvos/ImagePicker-t.build/DerivedSources -Xcc -DSWIFT_PACKAGE -Xcc -DDEBUG\=1 -no-auto-bridging-header-chaining -module-name ImagePicker -package-name spi_builder_workspace -const-gather-protocols-file /Users/admin/builder/spi-builder-workspace/.derivedData/Build/Intermediates.noindex/ImagePicker.build/Debug-appletvos/ImagePicker-t.build/Objects-normal/arm64/ImagePicker_const_extract_protocols.json -disable-clang-spi -clang-target arm64-apple-tvos27.0 -target-sdk-version 27.0 -target-sdk-name appletvos27.0 -in-process-plugin-server-path /Applications/Xcode-27.0.0-Release.Candidate.app/Contents/Developer/Toolchains/XcodeDefault.xctoolchain/usr/lib/swift/host/libSwiftInProcPluginServer.dylib -emit-module-doc-path /Users/admin/builder/spi-builder-workspace/.derivedData/Build/Intermediates.noindex/ImagePicker.build/Debug-appletvos/ImagePicker-t.build/Objects-normal/arm64/ImagePicker.swiftdoc -emit-module-source-info-path /Users/admin/builder/spi-builder-workspace/.derivedData/Build/Intermediates.noindex/ImagePicker.build/Debug-appletvos/ImagePicker-t.build/Objects-normal/arm64/ImagePicker.swiftsourceinfo -emit-objc-header-path /Users/admin/builder/spi-builder-workspace/.derivedData/Build/Intermediates.noindex/ImagePicker.build/Debug-appletvos/ImagePicker-t.build/Objects-normal/arm64/ImagePicker-Swift.h -serialize-diagnostics-path /Users/admin/builder/spi-builder-workspace/.derivedData/Build/Intermediates.noindex/ImagePicker.build/Debug-appletvos/ImagePicker-t.build/Objects-normal/arm64/ImagePicker-primary-emit-module.dia -emit-dependencies-path /Users/admin/builder/spi-builder-workspace/.derivedData/Build/Intermediates.noindex/ImagePicker.build/Debug-appletvos/ImagePicker-t.build/Objects-normal/arm64/ImagePicker-primary-emit-module.d -parse-as-library -o /Users/admin/builder/spi-builder-workspace/.derivedData/Build/Intermediates.noindex/ImagePicker.build/Debug-appletvos/ImagePicker-t.build/Objects-normal/arm64/ImagePicker.swiftmodule -emit-abi-descriptor-path /Users/admin/builder/spi-builder-workspace/.derivedData/Build/Intermediates.noindex/ImagePicker.build/Debug-appletvos/ImagePicker-t.build/Objects-normal/arm64/ImagePicker.abi.json
SwiftCompile normal arm64 Compiling\ ImagePicker.swift /Users/admin/builder/spi-builder-workspace/Sources/ImagePicker/ImagePicker.swift (in target 'ImagePicker' from project 'ImagePicker')
SwiftCompile normal arm64 /Users/admin/builder/spi-builder-workspace/Sources/ImagePicker/ImagePicker.swift (in target 'ImagePicker' from project 'ImagePicker')
cd /Users/admin/builder/spi-builder-workspace/.swiftpm/xcode
builtin-SwiftPerFileCompile ImagePicker.swift
/Users/admin/builder/spi-builder-workspace/Sources/ImagePicker/ImagePicker.swift:39:37: error: cannot find type 'PhotosPickerItem' in scope
37 | /// The selected picker item
38 | @State
39 | private var selectedPickerItem: PhotosPickerItem?
| `- error: cannot find type 'PhotosPickerItem' in scope
40 |
41 | /// The longest edge of the decoded image, in pixels
macro expansion @State:2:24: error: cannot find type 'PhotosPickerItem' in scope
`- /Users/admin/builder/spi-builder-workspace/Sources/ImagePicker/ImagePicker.swift:39:54: note: expanded code originates here
36 |
37 | /// The selected picker item
38 | @State
| `- note: in expansion of macro 'State' on property 'selectedPickerItem' here
39 | private var selectedPickerItem: PhotosPickerItem?
+--- macro expansion @State ----------------------------------------
| 1 | private var __selectedPickerItem = SwiftUICore.State._makeStorage(({
| 2 | let value: PhotosPickerItem? = nil
| | `- error: cannot find type 'PhotosPickerItem' in scope
| 3 | return value
| 4 | }))
+-------------------------------------------------------------------
40 |
41 | /// The longest edge of the decoded image, in pixels
macro expansion @State:8:27: error: cannot find type 'PhotosPickerItem' in scope
`- /Users/admin/builder/spi-builder-workspace/Sources/ImagePicker/ImagePicker.swift:39:54: note: expanded code originates here
36 |
37 | /// The selected picker item
38 | @State
| `- note: in expansion of macro 'State' on property 'selectedPickerItem' here
39 | private var selectedPickerItem: PhotosPickerItem?
+--- macro expansion @State ----------------------------------------
| 6 | @SwiftUICore._StatePropertyWrapperStorage(initialValue: "JHMxMUltYWdlUGlja2VyQUFWMDhzZWxlY3RlZEI0SXRlbTAxMF9GNjBDOUU4RTNIMjFDQTY2RjE4NEE0QjdDNUE5NUU1RDNMTDVTdGF0ZWZNcF8yMF9pbml0aWFsU3RvcmVkVmFsdWVfZk11Xw==")
| 7 | private var _selectedPickerItem: SwiftUICore.State<_>! = SwiftUICore._stateNil(of: {
| 8 | SwiftUICore.State<PhotosPickerItem?>(initialValue: nil)
| | `- error: cannot find type 'PhotosPickerItem' in scope
| 9 | })
|10 |
+-------------------------------------------------------------------
40 |
41 | /// The longest edge of the decoded image, in pixels
macro expansion @State:7:52: error: could not infer type for placeholder
`- /Users/admin/builder/spi-builder-workspace/Sources/ImagePicker/ImagePicker.swift:39:54: note: expanded code originates here
36 |
37 | /// The selected picker item
38 | @State
| `- note: in expansion of macro 'State' on property 'selectedPickerItem' here
39 | private var selectedPickerItem: PhotosPickerItem?
+--- macro expansion @State ----------------------------------------
| 5 |
| 6 | @SwiftUICore._StatePropertyWrapperStorage(initialValue: "JHMxMUltYWdlUGlja2VyQUFWMDhzZWxlY3RlZEI0SXRlbTAxMF9GNjBDOUU4RTNIMjFDQTY2RjE4NEE0QjdDNUE5NUU1RDNMTDVTdGF0ZWZNcF8yMF9pbml0aWFsU3RvcmVkVmFsdWVfZk11Xw==")
| 7 | private var _selectedPickerItem: SwiftUICore.State<_>! = SwiftUICore._stateNil(of: {
| | `- error: could not infer type for placeholder
| 8 | SwiftUICore.State<PhotosPickerItem?>(initialValue: nil)
| 9 | })
+-------------------------------------------------------------------
40 |
41 | /// The longest edge of the decoded image, in pixels
macro expansion @State:12:53: error: cannot find type 'PhotosPickerItem' in scope
`- /Users/admin/builder/spi-builder-workspace/Sources/ImagePicker/ImagePicker.swift:39:54: note: expanded code originates here
36 |
37 | /// The selected picker item
38 | @State
| `- note: in expansion of macro 'State' on property 'selectedPickerItem' here
39 | private var selectedPickerItem: PhotosPickerItem?
+--- macro expansion @State ----------------------------------------
|10 |
|11 | @SwiftUICore._StateProjectedValue
|12 | private var $selectedPickerItem = SwiftUICore.State<PhotosPickerItem?>(initialValue: nil).projectedValue
| | `- error: cannot find type 'PhotosPickerItem' in scope
|13 |
|14 | @SwiftUICore._StateInitialStoredValue("U3dpZnRVSUNvcmUuU3RhdGUuX21ha2VTdG9yYWdlKGluaXRpYWxWYWx1ZTogeyBsZXQgeDogUGhvdG9zUGlja2VySXRlbT8gPSBuaWwKcmV0dXJuIHggfSgpKQ==")
+-------------------------------------------------------------------
40 |
41 | /// The longest edge of the decoded image, in pixels
SwiftCompile normal arm64 Compiling\ ImageDownsampler.swift /Users/admin/builder/spi-builder-workspace/Sources/ImagePicker/ImageDownsampler.swift (in target 'ImagePicker' from project 'ImagePicker')
SwiftCompile normal arm64 /Users/admin/builder/spi-builder-workspace/Sources/ImagePicker/ImageDownsampler.swift (in target 'ImagePicker' from project 'ImagePicker')
cd /Users/admin/builder/spi-builder-workspace/.swiftpm/xcode
builtin-SwiftPerFileCompile ImageDownsampler.swift
PruneExplicitPrecompiledModules /Users/admin/builder/spi-builder-workspace/.derivedData/Build/Intermediates.noindex/ExplicitPrecompiledModules
PruneExplicitPrecompiledModules /Users/admin/builder/spi-builder-workspace/.derivedData/SDKExplicitPrecompiledModules
PruneExplicitPrecompiledModules /Users/admin/builder/spi-builder-workspace/.derivedData/Build/Intermediates.noindex/SwiftExplicitPrecompiledModules
2026-09-25 18:10:02.188 xcodebuild[623:3850] [MT] IDERunDestination: Supported platforms for the buildables in the current scheme is empty.
** BUILD FAILED **
The following build commands failed:
SwiftCompile normal arm64 (in target 'ImagePicker' from project 'ImagePicker')
SwiftEmitModule normal arm64 Emitting\ module\ for\ ImagePicker (in target 'ImagePicker' from project 'ImagePicker')
Building workspace ImagePicker with scheme ImagePicker
(3 failures)
Command line invocation:
/Applications/Xcode-27.0.0-Release.Candidate.app/Contents/Developer/usr/bin/xcodebuild -IDEClonedSourcePackagesDirPathOverride=/Users/admin/builder/spi-builder-workspace/.dependencies -resolvePackageDependencies
Resolve Package Graph
Resolved source packages:
ImagePicker: /Users/admin/builder/spi-builder-workspace
resolved source packages: ImagePicker
2026-09-25 18:10:08.786 xcodebuild[717:4233] [MT] IDERunDestination: Supported platforms for the buildables in the current scheme is empty.
{
"dependencies" : [
],
"manifest_display_name" : "ImagePicker",
"name" : "ImagePicker",
"path" : "/Users/admin/builder/spi-builder-workspace",
"platforms" : [
{
"name" : "ios",
"version" : "16.0"
},
{
"name" : "macos",
"version" : "13.0"
},
{
"name" : "watchos",
"version" : "9.0"
},
{
"name" : "tvos",
"version" : "16.0"
}
],
"products" : [
{
"name" : "ImagePicker",
"targets" : [
"ImagePicker"
],
"type" : {
"library" : [
"automatic"
]
}
}
],
"targets" : [
{
"c99name" : "ImagePickerTests",
"module_type" : "SwiftTarget",
"name" : "ImagePickerTests",
"path" : "Tests/ImagePickerTests",
"sources" : [
"ImagePickerTests.swift"
],
"target_dependencies" : [
"ImagePicker"
],
"type" : "test"
},
{
"c99name" : "ImagePicker",
"module_type" : "SwiftTarget",
"name" : "ImagePicker",
"path" : "Sources/ImagePicker",
"product_memberships" : [
"ImagePicker"
],
"sources" : [
"ImageDownsampler.swift",
"ImagePicker.swift"
],
"type" : "library"
}
],
"tools_version" : "5.9"
}
{
"workspace" : {
"name" : "ImagePicker",
"schemes" : [
"ImagePicker"
]
}
}
2026-09-25 18:10:10.010 xcodebuild[725:4304] [MT] IDERunDestination: Supported platforms for the buildables in the current scheme is empty.
Running build ...
env DEVELOPER_DIR=/Applications/Xcode-27.0.0-Release.Candidate.app xcrun xcodebuild -IDEClonedSourcePackagesDirPathOverride=$PWD/.dependencies -skipMacroValidation -skipPackagePluginValidation -derivedDataPath $PWD/.derivedData build -scheme ImagePicker -destination generic/platform=tvOS
Command line invocation:
/Applications/Xcode-27.0.0-Release.Candidate.app/Contents/Developer/usr/bin/xcodebuild -IDEClonedSourcePackagesDirPathOverride=/Users/admin/builder/spi-builder-workspace/.dependencies -skipMacroValidation -skipPackagePluginValidation -derivedDataPath /Users/admin/builder/spi-builder-workspace/.derivedData build -scheme ImagePicker -destination generic/platform=tvOS
Resolve Package Graph
Resolved source packages:
ImagePicker: /Users/admin/builder/spi-builder-workspace
ComputePackagePrebuildTargetDependencyGraph
Prepare packages
CreateBuildRequest
SendProjectDescription
CreateBuildOperation
ComputeTargetDependencyGraph
note: Building targets in dependency order
note: Target dependency graph (2 targets)
Target 'ImagePicker-product' in project 'ImagePicker'
➜ Explicit dependency on target 'ImagePicker' in project 'ImagePicker'
Target 'ImagePicker' in project 'ImagePicker' (no dependencies)
GatherProvisioningInputs
CreateBuildDescription
ClangStatCache /Applications/Xcode-27.0.0-Release.Candidate.app/Contents/Developer/Toolchains/XcodeDefault.xctoolchain/usr/bin/clang-stat-cache /Applications/Xcode-27.0.0-Release.Candidate.app/Contents/Developer/Platforms/AppleTVOS.platform/Developer/SDKs/AppleTVOS27.0.sdk /Users/admin/builder/spi-builder-workspace/.derivedData/SDKStatCaches.noindex/appletvos27.0-24J360-e829b21a6f8c9b70876ba0858053c044b32bfd8d43560033f8d89884cdb90028.sdkstatcache
cd /Users/admin/builder/spi-builder-workspace/.swiftpm/xcode
/Applications/Xcode-27.0.0-Release.Candidate.app/Contents/Developer/Toolchains/XcodeDefault.xctoolchain/usr/bin/clang-stat-cache /Applications/Xcode-27.0.0-Release.Candidate.app/Contents/Developer/Platforms/AppleTVOS.platform/Developer/SDKs/AppleTVOS27.0.sdk -o /Users/admin/builder/spi-builder-workspace/.derivedData/SDKStatCaches.noindex/appletvos27.0-24J360-e829b21a6f8c9b70876ba0858053c044b32bfd8d43560033f8d89884cdb90028.sdkstatcache
SwiftDriver ImagePicker normal arm64 com.apple.xcode.tools.swift.compiler (in target 'ImagePicker' from project 'ImagePicker')
cd /Users/admin/builder/spi-builder-workspace/.swiftpm/xcode
builtin-SwiftDriver -- /Applications/Xcode-27.0.0-Release.Candidate.app/Contents/Developer/Toolchains/XcodeDefault.xctoolchain/usr/bin/swiftc -parse-as-library -module-name ImagePicker -Onone @/Users/admin/builder/spi-builder-workspace/.derivedData/Build/Intermediates.noindex/ImagePicker.build/Debug-appletvos/ImagePicker-t.build/Objects-normal/arm64/ImagePicker.SwiftFileList -DSWIFT_PACKAGE -DDEBUG -DSWIFT_MODULE_RESOURCE_BUNDLE_UNAVAILABLE -DXcode -plugin-path /Applications/Xcode-27.0.0-Release.Candidate.app/Contents/Developer/Toolchains/XcodeDefault.xctoolchain/usr/lib/swift/host/plugins/testing -enable-experimental-feature DebugDescriptionMacro -sdk /Applications/Xcode-27.0.0-Release.Candidate.app/Contents/Developer/Platforms/AppleTVOS.platform/Developer/SDKs/AppleTVOS27.0.sdk -target arm64-apple-tvos16.0 -g -module-cache-path /Users/admin/builder/spi-builder-workspace/.derivedData/ModuleCache.noindex -Xfrontend -serialize-debugging-options -profile-coverage-mapping -profile-generate -enable-testing -index-store-path /Users/admin/builder/spi-builder-workspace/.derivedData/Index.noindex/DataStore -Xcc -D_LIBCPP_HARDENING_MODE\=_LIBCPP_HARDENING_MODE_DEBUG -swift-version 5 -I /Users/admin/builder/spi-builder-workspace/.derivedData/Build/Products/Debug-appletvos -Isystem /Applications/Xcode-27.0.0-Release.Candidate.app/Contents/Developer/Platforms/AppleTVOS.platform/Developer/usr/lib -F /Users/admin/builder/spi-builder-workspace/.derivedData/Build/Products/Debug-appletvos -F /Applications/Xcode-27.0.0-Release.Candidate.app/Contents/Developer/Platforms/AppleTVOS.platform/Developer/Library/Frameworks -F /Applications/Xcode-27.0.0-Release.Candidate.app/Contents/Developer/Platforms/AppleTVOS.platform/Developer/SDKs/AppleTVOS27.0.sdk/Developer/Library/Frameworks -c -j10 -enable-batch-mode -incremental -Xcc -ivfsstatcache -Xcc /Users/admin/builder/spi-builder-workspace/.derivedData/SDKStatCaches.noindex/appletvos27.0-24J360-e829b21a6f8c9b70876ba0858053c044b32bfd8d43560033f8d89884cdb90028.sdkstatcache -output-file-map /Users/admin/builder/spi-builder-workspace/.derivedData/Build/Intermediates.noindex/ImagePicker.build/Debug-appletvos/ImagePicker-t.build/Objects-normal/arm64/ImagePicker-OutputFileMap.json -save-temps -no-color-diagnostics -explicit-module-build -module-cache-path /Users/admin/builder/spi-builder-workspace/.derivedData/Build/Intermediates.noindex/SwiftExplicitPrecompiledModules -clang-scanner-module-cache-path /Users/admin/builder/spi-builder-workspace/.derivedData/ModuleCache.noindex -sdk-module-cache-path /Users/admin/builder/spi-builder-workspace/.derivedData/SDKExplicitPrecompiledModules -emit-dependencies -emit-module -emit-module-path /Users/admin/builder/spi-builder-workspace/.derivedData/Build/Intermediates.noindex/ImagePicker.build/Debug-appletvos/ImagePicker-t.build/Objects-normal/arm64/ImagePicker.swiftmodule -serialize-diagnostics -dependency-scan-serialize-diagnostics-path /Users/admin/builder/spi-builder-workspace/.derivedData/Build/Intermediates.noindex/ImagePicker.build/Debug-appletvos/ImagePicker-t.build/Objects-normal/arm64/ImagePicker-dependency-scan.dia -validate-clang-modules-once -clang-build-session-file /Users/admin/builder/spi-builder-workspace/.derivedData/ModuleCache.noindex/Session.modulevalidation -Xcc -fmodules-prune-interval\=86400 -Xcc -fmodules-prune-after\=345600 -package-name spi_builder_workspace -emit-const-values -const-gather-protocols-list /Users/admin/builder/spi-builder-workspace/.derivedData/Build/Intermediates.noindex/ImagePicker.build/Debug-appletvos/ImagePicker-t.build/Objects-normal/arm64/ImagePicker_const_extract_protocols.json -Xcc -I/Users/admin/builder/spi-builder-workspace/.derivedData/Build/Products/Debug-appletvos/include -Xcc -I/Users/admin/builder/spi-builder-workspace/.derivedData/Build/Intermediates.noindex/ImagePicker.build/Debug-appletvos/ImagePicker-t.build/DerivedSources-normal/arm64 -Xcc -I/Users/admin/builder/spi-builder-workspace/.derivedData/Build/Intermediates.noindex/ImagePicker.build/Debug-appletvos/ImagePicker-t.build/DerivedSources/arm64 -Xcc -I/Users/admin/builder/spi-builder-workspace/.derivedData/Build/Intermediates.noindex/ImagePicker.build/Debug-appletvos/ImagePicker-t.build/DerivedSources -Xcc -DSWIFT_PACKAGE -Xcc -DDEBUG\=1 -emit-objc-header -emit-objc-header-path /Users/admin/builder/spi-builder-workspace/.derivedData/Build/Intermediates.noindex/ImagePicker.build/Debug-appletvos/ImagePicker-t.build/Objects-normal/arm64/ImagePicker-Swift.h -working-directory /Users/admin/builder/spi-builder-workspace/.swiftpm/xcode -experimental-emit-module-separately -disable-cmo
SwiftCompile normal arm64 Compiling\ ImagePicker.swift /Users/admin/builder/spi-builder-workspace/Sources/ImagePicker/ImagePicker.swift (in target 'ImagePicker' from project 'ImagePicker')
SwiftCompile normal arm64 /Users/admin/builder/spi-builder-workspace/Sources/ImagePicker/ImagePicker.swift (in target 'ImagePicker' from project 'ImagePicker')
cd /Users/admin/builder/spi-builder-workspace/.swiftpm/xcode
builtin-SwiftPerFileCompile ImagePicker.swift
/Users/admin/builder/spi-builder-workspace/Sources/ImagePicker/ImagePicker.swift:39:37: error: cannot find type 'PhotosPickerItem' in scope
37 | /// The selected picker item
38 | @State
39 | private var selectedPickerItem: PhotosPickerItem?
| `- error: cannot find type 'PhotosPickerItem' in scope
40 |
41 | /// The longest edge of the decoded image, in pixels
macro expansion @State:2:24: error: cannot find type 'PhotosPickerItem' in scope
`- /Users/admin/builder/spi-builder-workspace/Sources/ImagePicker/ImagePicker.swift:39:54: note: expanded code originates here
36 |
37 | /// The selected picker item
38 | @State
| `- note: in expansion of macro 'State' on property 'selectedPickerItem' here
39 | private var selectedPickerItem: PhotosPickerItem?
+--- macro expansion @State ----------------------------------------
| 1 | private var __selectedPickerItem = SwiftUICore.State._makeStorage(({
| 2 | let value: PhotosPickerItem? = nil
| | `- error: cannot find type 'PhotosPickerItem' in scope
| 3 | return value
| 4 | }))
+-------------------------------------------------------------------
40 |
41 | /// The longest edge of the decoded image, in pixels
macro expansion @State:8:27: error: cannot find type 'PhotosPickerItem' in scope
`- /Users/admin/builder/spi-builder-workspace/Sources/ImagePicker/ImagePicker.swift:39:54: note: expanded code originates here
36 |
37 | /// The selected picker item
38 | @State
| `- note: in expansion of macro 'State' on property 'selectedPickerItem' here
39 | private var selectedPickerItem: PhotosPickerItem?
+--- macro expansion @State ----------------------------------------
| 6 | @SwiftUICore._StatePropertyWrapperStorage(initialValue: "JHMxMUltYWdlUGlja2VyQUFWMDhzZWxlY3RlZEI0SXRlbTAxMF9GNjBDOUU4RTNIMjFDQTY2RjE4NEE0QjdDNUE5NUU1RDNMTDVTdGF0ZWZNcF8yMF9pbml0aWFsU3RvcmVkVmFsdWVfZk11Xw==")
| 7 | private var _selectedPickerItem: SwiftUICore.State<_>! = SwiftUICore._stateNil(of: {
| 8 | SwiftUICore.State<PhotosPickerItem?>(initialValue: nil)
| | `- error: cannot find type 'PhotosPickerItem' in scope
| 9 | })
|10 |
+-------------------------------------------------------------------
40 |
41 | /// The longest edge of the decoded image, in pixels
macro expansion @State:7:52: error: could not infer type for placeholder
`- /Users/admin/builder/spi-builder-workspace/Sources/ImagePicker/ImagePicker.swift:39:54: note: expanded code originates here
36 |
37 | /// The selected picker item
38 | @State
| `- note: in expansion of macro 'State' on property 'selectedPickerItem' here
39 | private var selectedPickerItem: PhotosPickerItem?
+--- macro expansion @State ----------------------------------------
| 5 |
| 6 | @SwiftUICore._StatePropertyWrapperStorage(initialValue: "JHMxMUltYWdlUGlja2VyQUFWMDhzZWxlY3RlZEI0SXRlbTAxMF9GNjBDOUU4RTNIMjFDQTY2RjE4NEE0QjdDNUE5NUU1RDNMTDVTdGF0ZWZNcF8yMF9pbml0aWFsU3RvcmVkVmFsdWVfZk11Xw==")
| 7 | private var _selectedPickerItem: SwiftUICore.State<_>! = SwiftUICore._stateNil(of: {
| | `- error: could not infer type for placeholder
| 8 | SwiftUICore.State<PhotosPickerItem?>(initialValue: nil)
| 9 | })
+-------------------------------------------------------------------
40 |
41 | /// The longest edge of the decoded image, in pixels
macro expansion @State:12:53: error: cannot find type 'PhotosPickerItem' in scope
`- /Users/admin/builder/spi-builder-workspace/Sources/ImagePicker/ImagePicker.swift:39:54: note: expanded code originates here
36 |
37 | /// The selected picker item
38 | @State
| `- note: in expansion of macro 'State' on property 'selectedPickerItem' here
39 | private var selectedPickerItem: PhotosPickerItem?
+--- macro expansion @State ----------------------------------------
|10 |
|11 | @SwiftUICore._StateProjectedValue
|12 | private var $selectedPickerItem = SwiftUICore.State<PhotosPickerItem?>(initialValue: nil).projectedValue
| | `- error: cannot find type 'PhotosPickerItem' in scope
|13 |
|14 | @SwiftUICore._StateInitialStoredValue("U3dpZnRVSUNvcmUuU3RhdGUuX21ha2VTdG9yYWdlKGluaXRpYWxWYWx1ZTogeyBsZXQgeDogUGhvdG9zUGlja2VySXRlbT8gPSBuaWwKcmV0dXJuIHggfSgpKQ==")
+-------------------------------------------------------------------
40 |
41 | /// The longest edge of the decoded image, in pixels
SwiftCompile normal arm64 Compiling\ ImageDownsampler.swift /Users/admin/builder/spi-builder-workspace/Sources/ImagePicker/ImageDownsampler.swift (in target 'ImagePicker' from project 'ImagePicker')
SwiftCompile normal arm64 /Users/admin/builder/spi-builder-workspace/Sources/ImagePicker/ImageDownsampler.swift (in target 'ImagePicker' from project 'ImagePicker')
cd /Users/admin/builder/spi-builder-workspace/.swiftpm/xcode
builtin-SwiftPerFileCompile ImageDownsampler.swift
SwiftEmitModule normal arm64 Emitting\ module\ for\ ImagePicker (in target 'ImagePicker' from project 'ImagePicker')
/Users/admin/builder/spi-builder-workspace/Sources/ImagePicker/ImagePicker.swift:39:37: error: cannot find type 'PhotosPickerItem' in scope
37 | /// The selected picker item
38 | @State
39 | private var selectedPickerItem: PhotosPickerItem?
| `- error: cannot find type 'PhotosPickerItem' in scope
40 |
41 | /// The longest edge of the decoded image, in pixels
macro expansion @State:2:24: error: cannot find type 'PhotosPickerItem' in scope
`- /Users/admin/builder/spi-builder-workspace/Sources/ImagePicker/ImagePicker.swift:39:54: note: expanded code originates here
36 |
37 | /// The selected picker item
38 | @State
| `- note: in expansion of macro 'State' on property 'selectedPickerItem' here
39 | private var selectedPickerItem: PhotosPickerItem?
+--- macro expansion @State ----------------------------------------
| 1 | private var __selectedPickerItem = SwiftUICore.State._makeStorage(({
| 2 | let value: PhotosPickerItem? = nil
| | `- error: cannot find type 'PhotosPickerItem' in scope
| 3 | return value
| 4 | }))
+-------------------------------------------------------------------
40 |
41 | /// The longest edge of the decoded image, in pixels
macro expansion @State:8:27: error: cannot find type 'PhotosPickerItem' in scope
`- /Users/admin/builder/spi-builder-workspace/Sources/ImagePicker/ImagePicker.swift:39:54: note: expanded code originates here
36 |
37 | /// The selected picker item
38 | @State
| `- note: in expansion of macro 'State' on property 'selectedPickerItem' here
39 | private var selectedPickerItem: PhotosPickerItem?
+--- macro expansion @State ----------------------------------------
| 6 | @SwiftUICore._StatePropertyWrapperStorage(initialValue: "JHMxMUltYWdlUGlja2VyQUFWMDhzZWxlY3RlZEI0SXRlbTAxMF9GNjBDOUU4RTNIMjFDQTY2RjE4NEE0QjdDNUE5NUU1RDNMTDVTdGF0ZWZNcF8yMF9pbml0aWFsU3RvcmVkVmFsdWVfZk11Xw==")
| 7 | private var _selectedPickerItem: SwiftUICore.State<_>! = SwiftUICore._stateNil(of: {
| 8 | SwiftUICore.State<PhotosPickerItem?>(initialValue: nil)
| | `- error: cannot find type 'PhotosPickerItem' in scope
| 9 | })
|10 |
+-------------------------------------------------------------------
40 |
41 | /// The longest edge of the decoded image, in pixels
macro expansion @State:7:52: error: could not infer type for placeholder
`- /Users/admin/builder/spi-builder-workspace/Sources/ImagePicker/ImagePicker.swift:39:54: note: expanded code originates here
36 |
37 | /// The selected picker item
38 | @State
| `- note: in expansion of macro 'State' on property 'selectedPickerItem' here
39 | private var selectedPickerItem: PhotosPickerItem?
+--- macro expansion @State ----------------------------------------
| 5 |
| 6 | @SwiftUICore._StatePropertyWrapperStorage(initialValue: "JHMxMUltYWdlUGlja2VyQUFWMDhzZWxlY3RlZEI0SXRlbTAxMF9GNjBDOUU4RTNIMjFDQTY2RjE4NEE0QjdDNUE5NUU1RDNMTDVTdGF0ZWZNcF8yMF9pbml0aWFsU3RvcmVkVmFsdWVfZk11Xw==")
| 7 | private var _selectedPickerItem: SwiftUICore.State<_>! = SwiftUICore._stateNil(of: {
| | `- error: could not infer type for placeholder
| 8 | SwiftUICore.State<PhotosPickerItem?>(initialValue: nil)
| 9 | })
+-------------------------------------------------------------------
40 |
41 | /// The longest edge of the decoded image, in pixels
macro expansion @State:12:53: error: cannot find type 'PhotosPickerItem' in scope
`- /Users/admin/builder/spi-builder-workspace/Sources/ImagePicker/ImagePicker.swift:39:54: note: expanded code originates here
36 |
37 | /// The selected picker item
38 | @State
| `- note: in expansion of macro 'State' on property 'selectedPickerItem' here
39 | private var selectedPickerItem: PhotosPickerItem?
+--- macro expansion @State ----------------------------------------
|10 |
|11 | @SwiftUICore._StateProjectedValue
|12 | private var $selectedPickerItem = SwiftUICore.State<PhotosPickerItem?>(initialValue: nil).projectedValue
| | `- error: cannot find type 'PhotosPickerItem' in scope
|13 |
|14 | @SwiftUICore._StateInitialStoredValue("U3dpZnRVSUNvcmUuU3RhdGUuX21ha2VTdG9yYWdlKGluaXRpYWxWYWx1ZTogeyBsZXQgeDogUGhvdG9zUGlja2VySXRlbT8gPSBuaWwKcmV0dXJuIHggfSgpKQ==")
+-------------------------------------------------------------------
40 |
41 | /// The longest edge of the decoded image, in pixels
macro expansion @State:16:20: error: cannot find type 'PhotosPickerItem' in scope
`- /Users/admin/builder/spi-builder-workspace/Sources/ImagePicker/ImagePicker.swift:39:54: note: expanded code originates here
36 |
37 | /// The selected picker item
38 | @State
| `- note: in expansion of macro 'State' on property 'selectedPickerItem' here
39 | private var selectedPickerItem: PhotosPickerItem?
+--- macro expansion @State ----------------------------------------
|14 | @SwiftUICore._StateInitialStoredValue("U3dpZnRVSUNvcmUuU3RhdGUuX21ha2VTdG9yYWdlKGluaXRpYWxWYWx1ZTogeyBsZXQgeDogUGhvdG9zUGlja2VySXRlbT8gPSBuaWwKcmV0dXJuIHggfSgpKQ==")
|15 | private static var $s11ImagePickerAAV08selectedB4Item010_F60C9E8E3H21CA66F184A4B7C5A95E5D3LL5StatefMp_20_initialStoredValue_fMu_ = (SwiftUICore.State._makeStorage(initialValue: {
|16 | let x: PhotosPickerItem? = nil
| | `- error: cannot find type 'PhotosPickerItem' in scope
|17 | return x
|18 | }()))
+-------------------------------------------------------------------
40 |
41 | /// The longest edge of the decoded image, in pixels
Failed frontend command:
/Applications/Xcode-27.0.0-Release.Candidate.app/Contents/Developer/Toolchains/XcodeDefault.xctoolchain/usr/bin/swift-frontend -frontend -emit-module -experimental-skip-non-inlinable-function-bodies-without-types /Users/admin/builder/spi-builder-workspace/Sources/ImagePicker/ImageDownsampler.swift /Users/admin/builder/spi-builder-workspace/Sources/ImagePicker/ImagePicker.swift -target arm64-apple-tvos16.0 -module-can-import-version SwiftUI 8.0.84 8.0.84 -disable-cross-import-overlay-search -load-resolved-plugin /Applications/Xcode-27.0.0-Release.Candidate.app/Contents/Developer/Platforms/AppleTVOS.platform/Developer/usr/lib/swift/host/plugins/libFoundationMacros.dylib\#/Applications/Xcode-27.0.0-Release.Candidate.app/Contents/Developer/Platforms/AppleTVOS.platform/Developer/usr/bin/swift-plugin-server\#FoundationMacros -load-resolved-plugin /Applications/Xcode-27.0.0-Release.Candidate.app/Contents/Developer/Platforms/AppleTVOS.platform/Developer/usr/lib/swift/host/plugins/libObservationMacros.dylib\#/Applications/Xcode-27.0.0-Release.Candidate.app/Contents/Developer/Platforms/AppleTVOS.platform/Developer/usr/bin/swift-plugin-server\#ObservationMacros -load-resolved-plugin /Applications/Xcode-27.0.0-Release.Candidate.app/Contents/Developer/Platforms/AppleTVOS.platform/Developer/usr/lib/swift/host/plugins/libPreviewsMacros.dylib\#/Applications/Xcode-27.0.0-Release.Candidate.app/Contents/Developer/Platforms/AppleTVOS.platform/Developer/usr/bin/swift-plugin-server\#PreviewsMacros -load-resolved-plugin /Applications/Xcode-27.0.0-Release.Candidate.app/Contents/Developer/Platforms/AppleTVOS.platform/Developer/usr/lib/swift/host/plugins/libSwiftMacros.dylib\#/Applications/Xcode-27.0.0-Release.Candidate.app/Contents/Developer/Platforms/AppleTVOS.platform/Developer/usr/bin/swift-plugin-server\#SwiftMacros -load-resolved-plugin /Applications/Xcode-27.0.0-Release.Candidate.app/Contents/Developer/Platforms/AppleTVOS.platform/Developer/usr/lib/swift/host/plugins/libSwiftUIMacros.dylib\#/Applications/Xcode-27.0.0-Release.Candidate.app/Contents/Developer/Platforms/AppleTVOS.platform/Developer/usr/bin/swift-plugin-server\#SwiftUIMacros -disable-implicit-swift-modules -Xcc -fno-implicit-modules -Xcc -fno-implicit-module-maps -explicit-swift-module-map-file /Users/admin/builder/spi-builder-workspace/.derivedData/Build/Intermediates.noindex/ImagePicker.build/Debug-appletvos/ImagePicker-t.build/Objects-normal/arm64/ImagePicker-dependencies-1.json -Xllvm -aarch64-use-tbi -enable-objc-interop -stack-check -sdk /Applications/Xcode-27.0.0-Release.Candidate.app/Contents/Developer/Platforms/AppleTVOS.platform/Developer/SDKs/AppleTVOS27.0.sdk -I /Users/admin/builder/spi-builder-workspace/.derivedData/Build/Products/Debug-appletvos -Isystem /Applications/Xcode-27.0.0-Release.Candidate.app/Contents/Developer/Platforms/AppleTVOS.platform/Developer/usr/lib -F /Users/admin/builder/spi-builder-workspace/.derivedData/Build/Products/Debug-appletvos -F /Applications/Xcode-27.0.0-Release.Candidate.app/Contents/Developer/Platforms/AppleTVOS.platform/Developer/Library/Frameworks -F /Applications/Xcode-27.0.0-Release.Candidate.app/Contents/Developer/Platforms/AppleTVOS.platform/Developer/SDKs/AppleTVOS27.0.sdk/Developer/Library/Frameworks -module-cache-path /Users/admin/builder/spi-builder-workspace/.derivedData/Build/Intermediates.noindex/SwiftExplicitPrecompiledModules -no-color-diagnostics -Xcc -fno-color-diagnostics -enable-testing -g -debug-info-format\=dwarf -dwarf-version\=4 -profile-generate -profile-coverage-mapping -swift-version 5 -Onone -D SWIFT_PACKAGE -D DEBUG -D SWIFT_MODULE_RESOURCE_BUNDLE_UNAVAILABLE -D Xcode -serialize-debugging-options -enable-experimental-feature DebugDescriptionMacro -empty-abi-descriptor -validate-clang-modules-once -clang-build-session-file /Users/admin/builder/spi-builder-workspace/.derivedData/ModuleCache.noindex/Session.modulevalidation -Xcc -working-directory -Xcc /Users/admin/builder/spi-builder-workspace/.swiftpm/xcode -enable-anonymous-context-mangled-names -file-compilation-dir /Users/admin/builder/spi-builder-workspace/.swiftpm/xcode -Xcc -D_LIBCPP_HARDENING_MODE\=_LIBCPP_HARDENING_MODE_DEBUG -Xcc -ivfsstatcache -Xcc /Users/admin/builder/spi-builder-workspace/.derivedData/SDKStatCaches.noindex/appletvos27.0-24J360-e829b21a6f8c9b70876ba0858053c044b32bfd8d43560033f8d89884cdb90028.sdkstatcache -Xcc -fmodules-prune-interval\=86400 -Xcc -fmodules-prune-after\=345600 -Xcc -I/Users/admin/builder/spi-builder-workspace/.derivedData/Build/Products/Debug-appletvos/include -Xcc -I/Users/admin/builder/spi-builder-workspace/.derivedData/Build/Intermediates.noindex/ImagePicker.build/Debug-appletvos/ImagePicker-t.build/DerivedSources-normal/arm64 -Xcc -I/Users/admin/builder/spi-builder-workspace/.derivedData/Build/Intermediates.noindex/ImagePicker.build/Debug-appletvos/ImagePicker-t.build/DerivedSources/arm64 -Xcc -I/Users/admin/builder/spi-builder-workspace/.derivedData/Build/Intermediates.noindex/ImagePicker.build/Debug-appletvos/ImagePicker-t.build/DerivedSources -Xcc -DSWIFT_PACKAGE -Xcc -DDEBUG\=1 -no-auto-bridging-header-chaining -module-name ImagePicker -package-name spi_builder_workspace -const-gather-protocols-file /Users/admin/builder/spi-builder-workspace/.derivedData/Build/Intermediates.noindex/ImagePicker.build/Debug-appletvos/ImagePicker-t.build/Objects-normal/arm64/ImagePicker_const_extract_protocols.json -disable-clang-spi -clang-target arm64-apple-tvos27.0 -target-sdk-version 27.0 -target-sdk-name appletvos27.0 -in-process-plugin-server-path /Applications/Xcode-27.0.0-Release.Candidate.app/Contents/Developer/Toolchains/XcodeDefault.xctoolchain/usr/lib/swift/host/libSwiftInProcPluginServer.dylib -emit-module-doc-path /Users/admin/builder/spi-builder-workspace/.derivedData/Build/Intermediates.noindex/ImagePicker.build/Debug-appletvos/ImagePicker-t.build/Objects-normal/arm64/ImagePicker.swiftdoc -emit-module-source-info-path /Users/admin/builder/spi-builder-workspace/.derivedData/Build/Intermediates.noindex/ImagePicker.build/Debug-appletvos/ImagePicker-t.build/Objects-normal/arm64/ImagePicker.swiftsourceinfo -emit-objc-header-path /Users/admin/builder/spi-builder-workspace/.derivedData/Build/Intermediates.noindex/ImagePicker.build/Debug-appletvos/ImagePicker-t.build/Objects-normal/arm64/ImagePicker-Swift.h -serialize-diagnostics-path /Users/admin/builder/spi-builder-workspace/.derivedData/Build/Intermediates.noindex/ImagePicker.build/Debug-appletvos/ImagePicker-t.build/Objects-normal/arm64/ImagePicker-primary-emit-module.dia -emit-dependencies-path /Users/admin/builder/spi-builder-workspace/.derivedData/Build/Intermediates.noindex/ImagePicker.build/Debug-appletvos/ImagePicker-t.build/Objects-normal/arm64/ImagePicker-primary-emit-module.d -parse-as-library -o /Users/admin/builder/spi-builder-workspace/.derivedData/Build/Intermediates.noindex/ImagePicker.build/Debug-appletvos/ImagePicker-t.build/Objects-normal/arm64/ImagePicker.swiftmodule -emit-abi-descriptor-path /Users/admin/builder/spi-builder-workspace/.derivedData/Build/Intermediates.noindex/ImagePicker.build/Debug-appletvos/ImagePicker-t.build/Objects-normal/arm64/ImagePicker.abi.json
SwiftCompile normal arm64 (in target 'ImagePicker' from project 'ImagePicker')
cd /Users/admin/builder/spi-builder-workspace/.swiftpm/xcode
PruneExplicitPrecompiledModules /Users/admin/builder/spi-builder-workspace/.derivedData/Build/Intermediates.noindex/ExplicitPrecompiledModules
PruneExplicitPrecompiledModules /Users/admin/builder/spi-builder-workspace/.derivedData/Build/Intermediates.noindex/SwiftExplicitPrecompiledModules
PruneExplicitPrecompiledModules /Users/admin/builder/spi-builder-workspace/.derivedData/SDKExplicitPrecompiledModules
2026-09-25 18:10:11.082 xcodebuild[727:4350] [MT] IDERunDestination: Supported platforms for the buildables in the current scheme is empty.
** BUILD FAILED **
The following build commands failed:
SwiftEmitModule normal arm64 Emitting\ module\ for\ ImagePicker (in target 'ImagePicker' from project 'ImagePicker')
SwiftCompile normal arm64 (in target 'ImagePicker' from project 'ImagePicker')
Building workspace ImagePicker with scheme ImagePicker
(3 failures)
BUILD FAILURE 6.4 tvOS