Build Information
Failed to build Euler, reference master (1ed200), with Swift 6.4 for macOS (Xcode) using Xcode 27.0 on 17 Sep 2026 15:52:20 UTC.
Build Command
env DEVELOPER_DIR=/Applications/Xcode-27.0.0-Release.Candidate.app xcrun xcodebuild -IDEClonedSourcePackagesDirPathOverride=$PWD/.dependencies -skipMacroValidation -skipPackagePluginValidation -derivedDataPath $PWD/.derivedData build -scheme Euler-Package -destination platform=macOS,arch=arm64Build Log
========================================
RunAll
========================================
Builder version: 5.1.0
Interrupt handler set up.
========================================
Checkout
========================================
Clone URL: https://github.com/mattt/euler.git
Reference: master
Initialized empty Git repository in /Users/admin/builder/spi-builder-workspace/.git/
From https://github.com/mattt/euler
* branch master -> FETCH_HEAD
* [new branch] master -> origin/master
HEAD is now at 1ed2004 Add documentation to set vector operators
Cloned https://github.com/mattt/euler.git
Revision (git rev-parse @):
1ed20048f5f88c1818525917d9246fbd1793c104
SUCCESS checkout https://github.com/mattt/euler.git at master
========================================
Build
========================================
Selected platform: macosXcodebuild
Swift version: 6.4
Building package at path: $PWD
https://github.com/mattt/euler.git
Command line invocation:
/Applications/Xcode-27.0.0-Release.Candidate.app/Contents/Developer/usr/bin/xcodebuild -IDEClonedSourcePackagesDirPathOverride=/Users/admin/builder/spi-builder-workspace/.dependencies -resolvePackageDependencies
resolved source packages:
{
"dependencies" : [
],
"manifest_display_name" : "Euler",
"name" : "Euler",
"path" : "/Users/admin/builder/spi-builder-workspace",
"platforms" : [
],
"products" : [
{
"name" : "Euler",
"targets" : [
"Euler"
],
"type" : {
"library" : [
"automatic"
]
}
}
],
"targets" : [
{
"c99name" : "EulerTests",
"module_type" : "SwiftTarget",
"name" : "EulerTests",
"path" : "Tests/EulerTests",
"sources" : [
"ArithmeticTests.swift",
"CalculusTests.swift",
"ComparisonTests.swift",
"ConstantsTests.swift",
"FunctionsTests.swift",
"LogicTests.swift",
"SequencesTests.swift",
"SetsTests.swift",
"VectorsTests.swift",
"XCTestManifests.swift"
],
"target_dependencies" : [
"Euler"
],
"type" : "test"
},
{
"c99name" : "Euler",
"module_type" : "SwiftTarget",
"name" : "Euler",
"path" : "Sources/Euler",
"product_memberships" : [
"Euler"
],
"sources" : [
"Arithmetic.swift",
"Calculus.swift",
"Comparison.swift",
"Constants.swift",
"Functions.swift",
"Logic.swift",
"Sequences.swift",
"Sets.swift",
"Vectors.swift"
],
"type" : "library"
}
],
"tools_version" : "5.0"
}
{
"project" : {
"configurations" : [
"Debug",
"Release"
],
"name" : "Euler",
"schemes" : [
"Euler-Package",
"EulerPackageDescription",
"EulerPackageTests"
],
"targets" : [
"Euler",
"EulerPackageDescription",
"EulerPackageTests",
"EulerTests"
]
}
}
Running build ...
env DEVELOPER_DIR=/Applications/Xcode-27.0.0-Release.Candidate.app xcrun xcodebuild -IDEClonedSourcePackagesDirPathOverride=$PWD/.dependencies -skipMacroValidation -skipPackagePluginValidation -derivedDataPath $PWD/.derivedData build -scheme Euler-Package -destination platform=macOS,arch=arm64
Command line invocation:
/Applications/Xcode-27.0.0-Release.Candidate.app/Contents/Developer/usr/bin/xcodebuild -IDEClonedSourcePackagesDirPathOverride=/Users/admin/builder/spi-builder-workspace/.dependencies -skipMacroValidation -skipPackagePluginValidation -derivedDataPath /Users/admin/builder/spi-builder-workspace/.derivedData build -scheme Euler-Package -destination platform=macOS,arch=arm64
ComputePackagePrebuildTargetDependencyGraph
Prepare packages
CreateBuildRequest
SendProjectDescription
CreateBuildOperation
ComputeTargetDependencyGraph
note: Building targets in dependency order
note: Target dependency graph (1 target)
Target 'Euler' in project 'Euler' (no dependencies)
GatherProvisioningInputs
CreateBuildDescription
ExecuteExternalTool /Applications/Xcode-27.0.0-Release.Candidate.app/Contents/Developer/Toolchains/XcodeDefault.xctoolchain/usr/bin/clang -v -E -dM -isysroot /Applications/Xcode-27.0.0-Release.Candidate.app/Contents/Developer/Platforms/MacOSX.platform/Developer/SDKs/MacOSX27.0.sdk -x c -c /dev/null
ExecuteExternalTool /Applications/Xcode-27.0.0-Release.Candidate.app/Contents/Developer/Toolchains/XcodeDefault.xctoolchain/usr/bin/swiftc --version
ExecuteExternalTool /Applications/Xcode-27.0.0-Release.Candidate.app/Contents/Developer/Toolchains/XcodeDefault.xctoolchain/usr/bin/ld -version_details
Build description signature: 91afffb903a46aa16edd598ba31d90c0
Build description path: /Users/admin/builder/spi-builder-workspace/.derivedData/Build/Intermediates.noindex/XCBuildData/91afffb903a46aa16edd598ba31d90c0.xcbuilddata
/Users/admin/builder/spi-builder-workspace/Euler.xcodeproj: error: The macOS deployment target 'MACOSX_DEPLOYMENT_TARGET' is set to 10.10, but the range of supported deployment target versions is 12.0 to 27.0.x. (in target 'Euler' from project 'Euler')
** BUILD FAILED **
The following build commands failed:
Building project Euler with scheme Euler-Package
(1 failure)
Command line invocation:
/Applications/Xcode-27.0.0-Release.Candidate.app/Contents/Developer/usr/bin/xcodebuild -IDEClonedSourcePackagesDirPathOverride=/Users/admin/builder/spi-builder-workspace/.dependencies -resolvePackageDependencies
resolved source packages:
{
"dependencies" : [
],
"manifest_display_name" : "Euler",
"name" : "Euler",
"path" : "/Users/admin/builder/spi-builder-workspace",
"platforms" : [
],
"products" : [
{
"name" : "Euler",
"targets" : [
"Euler"
],
"type" : {
"library" : [
"automatic"
]
}
}
],
"targets" : [
{
"c99name" : "EulerTests",
"module_type" : "SwiftTarget",
"name" : "EulerTests",
"path" : "Tests/EulerTests",
"sources" : [
"ArithmeticTests.swift",
"CalculusTests.swift",
"ComparisonTests.swift",
"ConstantsTests.swift",
"FunctionsTests.swift",
"LogicTests.swift",
"SequencesTests.swift",
"SetsTests.swift",
"VectorsTests.swift",
"XCTestManifests.swift"
],
"target_dependencies" : [
"Euler"
],
"type" : "test"
},
{
"c99name" : "Euler",
"module_type" : "SwiftTarget",
"name" : "Euler",
"path" : "Sources/Euler",
"product_memberships" : [
"Euler"
],
"sources" : [
"Arithmetic.swift",
"Calculus.swift",
"Comparison.swift",
"Constants.swift",
"Functions.swift",
"Logic.swift",
"Sequences.swift",
"Sets.swift",
"Vectors.swift"
],
"type" : "library"
}
],
"tools_version" : "5.0"
}
{
"project" : {
"configurations" : [
"Debug",
"Release"
],
"name" : "Euler",
"schemes" : [
"Euler-Package",
"EulerPackageDescription",
"EulerPackageTests"
],
"targets" : [
"Euler",
"EulerPackageDescription",
"EulerPackageTests",
"EulerTests"
]
}
}
Running build ...
env DEVELOPER_DIR=/Applications/Xcode-27.0.0-Release.Candidate.app xcrun xcodebuild -IDEClonedSourcePackagesDirPathOverride=$PWD/.dependencies -skipMacroValidation -skipPackagePluginValidation -derivedDataPath $PWD/.derivedData build -scheme Euler-Package -destination platform=macOS,arch=arm64
Command line invocation:
/Applications/Xcode-27.0.0-Release.Candidate.app/Contents/Developer/usr/bin/xcodebuild -IDEClonedSourcePackagesDirPathOverride=/Users/admin/builder/spi-builder-workspace/.dependencies -skipMacroValidation -skipPackagePluginValidation -derivedDataPath /Users/admin/builder/spi-builder-workspace/.derivedData build -scheme Euler-Package -destination platform=macOS,arch=arm64
ComputePackagePrebuildTargetDependencyGraph
Prepare packages
CreateBuildRequest
SendProjectDescription
CreateBuildOperation
ComputeTargetDependencyGraph
note: Building targets in dependency order
note: Target dependency graph (1 target)
Target 'Euler' in project 'Euler' (no dependencies)
GatherProvisioningInputs
CreateBuildDescription
/Users/admin/builder/spi-builder-workspace/Euler.xcodeproj: error: The macOS deployment target 'MACOSX_DEPLOYMENT_TARGET' is set to 10.10, but the range of supported deployment target versions is 12.0 to 27.0.x. (in target 'Euler' from project 'Euler')
** BUILD FAILED **
The following build commands failed:
Building project Euler with scheme Euler-Package
(1 failure)
BUILD FAILURE 6.4 macosXcodebuild