The Swift Package Index logo.Swift Package Index

Build Information

Failed to build fluent-mysql-driver, reference main (0d76fa), with Swift 6.1 for Wasm on 20 Jul 2026 06:01:26 UTC.

Build Command

bash -c docker run --pull=always --rm -v "checkouts-54344844-2":/host -w "$PWD" -e JAVA_HOME="/root/.sdkman/candidates/java/current" -e SPI_BUILD="1" -e SPI_PROCESSING="1" registry.gitlab.com/saguaro1/spi-images:wasm-6.1-latest swift build --swift-sdk wasm32-unknown-wasi 2>&1

Build Log

========================================
RunAll
========================================
Builder version: 333316120c8b89ed7d21f1b34865290794301d91
Interrupt handler set up.
========================================
Checkout
========================================
Clone URL: https://github.com/vapor/fluent-mysql-driver.git
Reference: main
Initialized empty Git repository in /host/spi-builder-workspace/.git/
hint: Using 'master' as the name for the initial branch. This default branch name
hint: is subject to change. To configure the initial branch name to use in all
hint: of your new repositories, which will suppress this warning, call:
hint:
hint: 	git config --global init.defaultBranch <name>
hint:
hint: Names commonly chosen instead of 'master' are 'main', 'trunk' and
hint: 'development'. The just-created branch can be renamed via this command:
hint:
hint: 	git branch -m <name>
From https://github.com/vapor/fluent-mysql-driver
 * branch            main       -> FETCH_HEAD
 * [new branch]      main       -> origin/main
HEAD is now at 0d76fa9 Update API docs workflow
Cloned https://github.com/vapor/fluent-mysql-driver.git
Revision (git rev-parse @):
0d76fa93f30a38bb2ff82a61139f0da8cdf63bd4
SPI manifest file found: $PWD/.spi.yml
SUCCESS checkout https://github.com/vapor/fluent-mysql-driver.git at main
========================================
Build
========================================
Selected platform:         wasm
Swift version:             6.1
Building package at path:  $PWD
https://github.com/vapor/fluent-mysql-driver.git
https://github.com/vapor/fluent-mysql-driver.git
WARNING: environment variable SUPPRESS_SWIFT_6_FLAGS is not set
Running build ...
bash -c docker run --pull=always --rm -v "checkouts-54344844-2":/host -w "$PWD" -e JAVA_HOME="/root/.sdkman/candidates/java/current" -e SPI_BUILD="1" -e SPI_PROCESSING="1" registry.gitlab.com/saguaro1/spi-images:wasm-6.1-latest swift build --swift-sdk wasm32-unknown-wasi -Xswiftc -Xfrontend -Xswiftc -stats-output-dir -Xswiftc -Xfrontend -Xswiftc .stats -Xswiftc -strict-concurrency=complete -Xswiftc -enable-upcoming-feature -Xswiftc StrictConcurrency -Xswiftc -enable-upcoming-feature -Xswiftc DisableOutwardActorInference -Xswiftc -enable-upcoming-feature -Xswiftc GlobalActorIsolatedTypesUsability -Xswiftc -enable-upcoming-feature -Xswiftc InferSendableFromCaptures 2>&1
wasm-6.1-latest: Pulling from saguaro1/spi-images
Digest: sha256:1ad245dad3d2ae0004e1afbc92334bd39884ed9ca587cf04d0a8d5f640fb02e9
Status: Image is up to date for registry.gitlab.com/saguaro1/spi-images:wasm-6.1-latest
Fetching https://github.com/apple/swift-log.git
Fetching https://github.com/vapor/async-kit.git
Fetching https://github.com/vapor/mysql-kit.git
Fetching https://github.com/vapor/fluent-kit.git
[1/2504] Fetching async-kit
[127/7682] Fetching async-kit, mysql-kit
Fetched https://github.com/vapor/async-kit.git from cache (0.47s)
[2486/5178] Fetching mysql-kit
[5179/12966] Fetching mysql-kit, swift-log
[5180/26934] Fetching mysql-kit, swift-log, fluent-kit
Fetched https://github.com/apple/swift-log.git from cache (0.74s)
[18727/19146] Fetching mysql-kit, fluent-kit
Fetched https://github.com/vapor/mysql-kit.git from cache (0.74s)
Fetched https://github.com/vapor/fluent-kit.git from cache (0.82s)
Computing version for https://github.com/vapor/async-kit.git
Computed https://github.com/vapor/async-kit.git at 1.22.0 (1.07s)
Fetching https://github.com/apple/swift-nio.git
Fetching https://github.com/apple/swift-algorithms.git
Fetching https://github.com/apple/swift-collections.git
[1/6076] Fetching swift-algorithms
[3161/32189] Fetching swift-algorithms, swift-collections
Fetched https://github.com/apple/swift-algorithms.git from cache (0.69s)
[523/26113] Fetching swift-collections
[1829/110712] Fetching swift-collections, swift-nio
Fetched https://github.com/apple/swift-collections.git from cache (1.23s)
[40608/84599] Fetching swift-nio
Fetched https://github.com/apple/swift-nio.git from cache (3.21s)
Computing version for https://github.com/apple/swift-algorithms.git
Computed https://github.com/apple/swift-algorithms.git at 1.2.1 (4.14s)
Fetching https://github.com/apple/swift-numerics.git
[1/6441] Fetching swift-numerics
Fetched https://github.com/apple/swift-numerics.git from cache (0.89s)
Computing version for https://github.com/vapor/mysql-kit.git
Computed https://github.com/vapor/mysql-kit.git at 4.10.1 (1.12s)
Fetching https://github.com/apple/swift-crypto.git
Fetching https://github.com/vapor/mysql-nio.git
Fetching https://github.com/vapor/sql-kit.git
Fetching https://github.com/apple/swift-nio-ssl.git
[1/2618] Fetching mysql-nio
[159/8887] Fetching mysql-nio, sql-kit
Fetched https://github.com/vapor/sql-kit.git from cache (0.64s)
[1/15597] Fetching swift-nio-ssl
[313/33400] Fetching swift-nio-ssl, swift-crypto
Fetched https://github.com/vapor/mysql-nio.git from cache (2.18s)
Fetched https://github.com/apple/swift-nio-ssl.git from cache (2.19s)
Fetched https://github.com/apple/swift-crypto.git from cache (2.19s)
Computing version for https://github.com/apple/swift-collections.git
Computed https://github.com/apple/swift-collections.git at 1.6.0 (2.52s)
Computing version for https://github.com/vapor/mysql-nio.git
Computed https://github.com/vapor/mysql-nio.git at 1.9.1 (0.22s)
Computing version for https://github.com/apple/swift-numerics.git
Computed https://github.com/apple/swift-numerics.git at 1.1.1 (0.21s)
Computing version for https://github.com/vapor/sql-kit.git
Computed https://github.com/vapor/sql-kit.git at 3.36.0 (0.21s)
Computing version for https://github.com/apple/swift-log.git
Computed https://github.com/apple/swift-log.git at 1.14.0 (0.22s)
Computing version for https://github.com/vapor/fluent-kit.git
Computed https://github.com/vapor/fluent-kit.git at 1.57.0 (0.22s)
Fetching https://github.com/swift-server/swift-service-lifecycle.git
Fetching https://github.com/apple/swift-service-context.git
Fetching https://github.com/apple/swift-distributed-tracing.git
[1/1307] Fetching swift-service-context
[171/7172] Fetching swift-service-context, swift-distributed-tracing
[172/9947] Fetching swift-service-context, swift-distributed-tracing, swift-service-lifecycle
Fetched https://github.com/swift-server/swift-service-lifecycle.git from cache (0.78s)
[4475/7172] Fetching swift-service-context, swift-distributed-tracing
Fetched https://github.com/apple/swift-service-context.git from cache (0.86s)
Fetched https://github.com/apple/swift-distributed-tracing.git from cache (0.87s)
Computing version for https://github.com/apple/swift-distributed-tracing.git
Computed https://github.com/apple/swift-distributed-tracing.git at 1.4.1 (1.10s)
Computing version for https://github.com/swift-server/swift-service-lifecycle.git
Computed https://github.com/swift-server/swift-service-lifecycle.git at 2.11.0 (0.23s)
Fetching https://github.com/apple/swift-async-algorithms.git
[1/6599] Fetching swift-async-algorithms
Fetched https://github.com/apple/swift-async-algorithms.git from cache (1.08s)
Computing version for https://github.com/apple/swift-async-algorithms.git
Computed https://github.com/apple/swift-async-algorithms.git at 1.1.5 (1.34s)
Computing version for https://github.com/apple/swift-service-context.git
Computed https://github.com/apple/swift-service-context.git at 1.3.0 (0.21s)
Computing version for https://github.com/apple/swift-nio.git
Computed https://github.com/apple/swift-nio.git at 2.101.3 (0.43s)
Fetching https://github.com/apple/swift-atomics.git
Fetching https://github.com/apple/swift-system.git
[1/1868] Fetching swift-atomics
Fetched https://github.com/apple/swift-atomics.git from cache (0.47s)
[1/6236] Fetching swift-system
Fetched https://github.com/apple/swift-system.git from cache (0.58s)
Computing version for https://github.com/apple/swift-atomics.git
Computed https://github.com/apple/swift-atomics.git at 1.3.1 (0.80s)
Computing version for https://github.com/apple/swift-nio-ssl.git
Computed https://github.com/apple/swift-nio-ssl.git at 2.37.2 (0.25s)
Computing version for https://github.com/apple/swift-system.git
Computed https://github.com/apple/swift-system.git at 1.7.4 (0.26s)
Computing version for https://github.com/apple/swift-crypto.git
Computed https://github.com/apple/swift-crypto.git at 4.5.1 (1.54s)
Fetching https://github.com/apple/swift-asn1.git
[1/1914] Fetching swift-asn1
Fetched https://github.com/apple/swift-asn1.git from cache (0.43s)
Computing version for https://github.com/apple/swift-asn1.git
Computed https://github.com/apple/swift-asn1.git at 1.7.1 (0.70s)
Creating working copy for https://github.com/swift-server/swift-service-lifecycle.git
Working copy of https://github.com/swift-server/swift-service-lifecycle.git resolved at 2.11.0
Creating working copy for https://github.com/apple/swift-collections.git
Working copy of https://github.com/apple/swift-collections.git resolved at 1.6.0
Creating working copy for https://github.com/apple/swift-async-algorithms.git
Working copy of https://github.com/apple/swift-async-algorithms.git resolved at 1.1.5
Creating working copy for https://github.com/apple/swift-distributed-tracing.git
Working copy of https://github.com/apple/swift-distributed-tracing.git resolved at 1.4.1
Creating working copy for https://github.com/vapor/mysql-nio.git
Working copy of https://github.com/vapor/mysql-nio.git resolved at 1.9.1
Creating working copy for https://github.com/apple/swift-service-context.git
Working copy of https://github.com/apple/swift-service-context.git resolved at 1.3.0
Creating working copy for https://github.com/apple/swift-atomics.git
Working copy of https://github.com/apple/swift-atomics.git resolved at 1.3.1
Creating working copy for https://github.com/vapor/mysql-kit.git
Working copy of https://github.com/vapor/mysql-kit.git resolved at 4.10.1
Creating working copy for https://github.com/apple/swift-algorithms.git
Working copy of https://github.com/apple/swift-algorithms.git resolved at 1.2.1
Creating working copy for https://github.com/vapor/sql-kit.git
Working copy of https://github.com/vapor/sql-kit.git resolved at 3.36.0
Creating working copy for https://github.com/apple/swift-numerics.git
Working copy of https://github.com/apple/swift-numerics.git resolved at 1.1.1
Creating working copy for https://github.com/apple/swift-system.git
Working copy of https://github.com/apple/swift-system.git resolved at 1.7.4
Creating working copy for https://github.com/apple/swift-crypto.git
Working copy of https://github.com/apple/swift-crypto.git resolved at 4.5.1
Creating working copy for https://github.com/apple/swift-asn1.git
Working copy of https://github.com/apple/swift-asn1.git resolved at 1.7.1
Creating working copy for https://github.com/vapor/async-kit.git
Working copy of https://github.com/vapor/async-kit.git resolved at 1.22.0
Creating working copy for https://github.com/apple/swift-log.git
Working copy of https://github.com/apple/swift-log.git resolved at 1.14.0
Creating working copy for https://github.com/apple/swift-nio-ssl.git
Working copy of https://github.com/apple/swift-nio-ssl.git resolved at 2.37.2
Creating working copy for https://github.com/vapor/fluent-kit.git
Working copy of https://github.com/vapor/fluent-kit.git resolved at 1.57.0
Creating working copy for https://github.com/apple/swift-nio.git
Working copy of https://github.com/apple/swift-nio.git resolved at 2.101.3
Building for debugging...
[0/830] Write sources
[29/830] Compiling CNIOWindows WSAStartup.c
[30/830] Write sources
[30/830] Compiling _CWASI _CWASI.c
[32/830] Compiling SimpleFIPS202.c
[33/830] Write sources
[38/830] Compiling KeccakSponge.c
[39/830] Write sources
[43/830] Compiling CXKCPShims shims.c
[44/830] Compiling CNIOWindows shim.c
[44/830] Compiling _NumericsShims _NumericsShims.c
[46/830] Compiling _AtomicsShims.c
[47/830] Compiling CNIOWASI CNIOWASI.c
[48/830] Compiling CNIOLinux shim.c
[49/830] Compiling CNIOPosix event_loop_id.c
[50/830] Compiling CNIOOpenBSD shim.c
[51/830] Compiling CNIOLinux liburing_shims.c
[52/830] Compiling CNIOFreeBSD shim.c
[53/830] Compiling CNIODarwin shim.c
[54/830] Compiling KeccakHash.c
[55/830] Compiling fiat_p256_adx_sqr.S
[56/830] Compiling fiat_curve25519_adx_square.S
[57/830] Compiling fiat_p256_adx_mul.S
[58/830] Compiling fiat_curve25519_adx_mul.S
[59/830] Write swift-version-24593BA9C3E375BF.txt
[60/830] Compiling CNIOBoringSSLShims shims.c
In file included from /host/spi-builder-workspace/.build/checkouts/swift-nio-ssl/Sources/CNIOBoringSSL/ssl/tls_method.cc:17:
/host/spi-builder-workspace/.build/checkouts/swift-nio-ssl/Sources/CNIOBoringSSL/ssl/../crypto/internal.h:32:10: fatal error: 'pthread.h' file not found
   32 | #include <pthread.h>
      |          ^~~~~~~~~~~
1 error generated.
[61/834] Compiling tls_method.cc
In file included from /host/spi-builder-workspace/.build/checkouts/swift-nio-ssl/Sources/CNIOBoringSSL/ssl/tls13_client.cc:30:
/host/spi-builder-workspace/.build/checkouts/swift-nio-ssl/Sources/CNIOBoringSSL/ssl/../crypto/internal.h:32:10: fatal error: 'pthread.h' file not found
   32 | #include <pthread.h>
      |          ^~~~~~~~~~~
1 error generated.
[61/834] Compiling tls13_client.cc
[61/834] Compiling KeccakP-1600-opt64.c
In file included from /host/spi-builder-workspace/.build/checkouts/swift-nio-ssl/Sources/CNIOBoringSSL/ssl/tls_record.cc:19:
/host/spi-builder-workspace/.build/checkouts/swift-nio-ssl/Sources/CNIOBoringSSL/ssl/../crypto/internal.h:32:10: fatal error: 'pthread.h' file not found
   32 | #include <pthread.h>
      |          ^~~~~~~~~~~
[61/834] Compiling tls_record.cc
[62/834] Emitting module _NIODataStructures
<unknown>:0: warning: upcoming feature 'InferSendableFromCaptures' is already enabled as of Swift version 6
<unknown>:0: warning: upcoming feature 'GlobalActorIsolatedTypesUsability' is already enabled as of Swift version 6
<unknown>:0: warning: upcoming feature 'DisableOutwardActorInference' is already enabled as of Swift version 6
In file included from /host/spi-builder-workspace/.build/checkouts/swift-nio-ssl/Sources/CNIOBoringSSL/ssl/tls13_both.cc:29:
/host/spi-builder-workspace/.build/checkouts/swift-nio-ssl/Sources/CNIOBoringSSL/ssl/../crypto/internal.h:32:10: fatal error: 'pthread.h' file not found
   32 | #include <pthread.h>
      |          ^~~~~~~~~~~
[62/834] Compiling tls13_both.cc
In file included from /host/spi-builder-workspace/.build/checkouts/swift-nio-ssl/Sources/CNIOBoringSSL/ssl/tls13_enc.cc:34:
/host/spi-builder-workspace/.build/checkouts/swift-nio-ssl/Sources/CNIOBoringSSL/ssl/../crypto/internal.h:32:10: fatal error: 'pthread.h' file not found
   32 | #include <pthread.h>
      |          ^~~~~~~~~~~
[62/834] Compiling tls13_enc.cc
<unknown>:0: warning: upcoming feature 'InferSendableFromCaptures' is already enabled as of Swift version 6
<unknown>:0: warning: upcoming feature 'GlobalActorIsolatedTypesUsability' is already enabled as of Swift version 6
<unknown>:0: warning: upcoming feature 'DisableOutwardActorInference' is already enabled as of Swift version 6
In file included from /host/spi-builder-workspace/.build/checkouts/swift-nio-ssl/Sources/CNIOBoringSSL/ssl/tls13_server.cc:32:
/host/spi-builder-workspace/.build/checkouts/swift-nio-ssl/Sources/CNIOBoringSSL/ssl/../crypto/internal.h:32:10: fatal error: 'pthread.h' file not found
   32 | #include <pthread.h>
      |          ^~~~~~~~~~~
[62/834] Compiling tls13_server.cc
Running build ...
bash -c docker run --pull=always --rm -v "checkouts-54344844-2":/host -w "$PWD" -e JAVA_HOME="/root/.sdkman/candidates/java/current" -e SPI_BUILD="1" -e SPI_PROCESSING="1" registry.gitlab.com/saguaro1/spi-images:wasm-6.1-latest swift build --swift-sdk wasm32-unknown-wasi 2>&1
wasm-6.1-latest: Pulling from saguaro1/spi-images
Digest: sha256:1ad245dad3d2ae0004e1afbc92334bd39884ed9ca587cf04d0a8d5f640fb02e9
Status: Image is up to date for registry.gitlab.com/saguaro1/spi-images:wasm-6.1-latest
[0/1] Planning build
Building for debugging...
[0/769] Write sources
In file included from /host/spi-builder-workspace/.build/checkouts/swift-nio-ssl/Sources/CNIOBoringSSL/ssl/tls13_enc.cc:34:
/host/spi-builder-workspace/.build/checkouts/swift-nio-ssl/Sources/CNIOBoringSSL/ssl/../crypto/internal.h:32:10: fatal error: 'pthread.h' file not found
   32 | #include <pthread.h>
      |          ^~~~~~~~~~~
1 error generated.
[2/770] Compiling tls13_enc.cc
In file included from /host/spi-builder-workspace/.build/checkouts/swift-nio-ssl/Sources/CNIOBoringSSL/ssl/tls13_both.cc:29:
/host/spi-builder-workspace/.build/checkouts/swift-nio-ssl/Sources/CNIOBoringSSL/ssl/../crypto/internal.h:32:10: fatal error: 'pthread.h' file not found
   32 | #include <pthread.h>
      |          ^~~~~~~~~~~
[2/770] Compiling tls13_both.cc
In file included from /host/spi-builder-workspace/.build/checkouts/swift-nio-ssl/Sources/CNIOBoringSSL/ssl/tls13_client.cc:30:
/host/spi-builder-workspace/.build/checkouts/swift-nio-ssl/Sources/CNIOBoringSSL/ssl/../crypto/internal.h:32:10: fatal error: 'pthread.h' file not found
   32 | #include <pthread.h>
      |          ^~~~~~~~~~~
[2/770] Compiling tls13_client.cc
[2/770] Compiling KeccakP-1600-opt64.c
In file included from /host/spi-builder-workspace/.build/checkouts/swift-nio-ssl/Sources/CNIOBoringSSL/ssl/tls_method.cc:17:
/host/spi-builder-workspace/.build/checkouts/swift-nio-ssl/Sources/CNIOBoringSSL/ssl/../crypto/internal.h:32:10: fatal error: 'pthread.h' file not found
   32 | #include <pthread.h>
      |          ^~~~~~~~~~~
[2/770] Compiling tls_method.cc
[2/770] Compiling tls_record.cc
In file included from /host/spi-builder-workspace/.build/checkouts/swift-nio-ssl/Sources/CNIOBoringSSL/ssl/t1_enc.cc:28:
/host/spi-builder-workspace/.build/checkouts/swift-nio-ssl/Sources/CNIOBoringSSL/ssl/../crypto/internal.h:32:10: fatal error: 'pthread.h' file not found
   32 | #include <pthread.h>
      |          ^~~~~~~~~~~
[2/770] Compiling t1_enc.cc
[2/770] Compiling tls13_server.cc
BUILD FAILURE 6.1 wasm