The Swift Package Index logo.Swift Package Index

Build Information

Failed to build AUv3Support, reference 17.0.5 (3fe3f3), with Swift 6.4 for Wasm on 22 Sep 2026 18:38:25 UTC.

Build Command

bash -c docker run --pull=always --rm -v "checkouts-54344847-1":/host -w "$PWD" -e JAVA_HOME="/root/.sdkman/candidates/java/current" -e SPI_BUILD="1" -e SPI_PROCESSING="1" registry.gitlab.com/saguaro1/spi-images:wasm-6.4-latest swift build --swift-sdk swift-6.4.x-DEVELOPMENT-SNAPSHOT-2026-09-04-a_wasm 2>&1

Build Log

========================================
RunAll
========================================
Builder version: 5.1.0
Interrupt handler set up.
========================================
Checkout
========================================
Clone URL: https://github.com/bradhowes/AUv3Support.git
Reference: 17.0.5
Initialized empty Git repository in /host/spi-builder-workspace/.git/
hint: Using 'master' as the name for the initial branch. This default branch name
hint: is subject to change. To configure the initial branch name to use in all
hint: of your new repositories, which will suppress this warning, call:
hint:
hint: 	git config --global init.defaultBranch <name>
hint:
hint: Names commonly chosen instead of 'master' are 'main', 'trunk' and
hint: 'development'. The just-created branch can be renamed via this command:
hint:
hint: 	git branch -m <name>
From https://github.com/bradhowes/AUv3Support
 * tag               17.0.5     -> FETCH_HEAD
HEAD is now at 3fe3f3a Proper frame count calculation
Cloned https://github.com/bradhowes/AUv3Support.git
Revision (git rev-parse @):
3fe3f3aa3a1e2832b4d0a2a43a550889317e93df
SPI manifest file found: $PWD/.spi.yml
SUCCESS checkout https://github.com/bradhowes/AUv3Support.git at 17.0.5
========================================
Build
========================================
Selected platform:         wasm
Swift version:             6.4
Building package at path:  $PWD
https://github.com/bradhowes/AUv3Support.git
Running build ...
bash -c docker run --pull=always --rm -v "checkouts-54344847-1":/host -w "$PWD" -e JAVA_HOME="/root/.sdkman/candidates/java/current" -e SPI_BUILD="1" -e SPI_PROCESSING="1" registry.gitlab.com/saguaro1/spi-images:wasm-6.4-latest swift build --swift-sdk swift-6.4.x-DEVELOPMENT-SNAPSHOT-2026-09-04-a_wasm 2>&1
wasm-6.4-latest: Pulling from saguaro1/spi-images
Digest: sha256:4328fdb43c680d205c1d6761b1e3267aa38277eefdda9ddfb17b6a0f1a77857a
Status: Image is up to date for registry.gitlab.com/saguaro1/spi-images:wasm-6.4-latest
warning: 'spi-builder-workspace': 2026-09-22 18:38:20.424 spi-builder-workspace-manifest[75:a69d8800] --- compiling with UNSAFE C++ flags: 0
warning: 'spi-builder-workspace': ignoring target 'DSPHeadersTests' in package 'spi-builder-workspace'; C language in tests is not yet supported
warning: 'spi-builder-workspace': ignoring target 'DSPHeadersTests' in package 'spi-builder-workspace'; C language in tests is not yet supported
Building for debugging...
[Constructing description]
[Pre-planning 1 / 357]
[Starting]
[59 / 85] AUv3Support
[67 / 94] AUv3Support
error: SwiftCompile normal wasm32 failed with a nonzero exit code. Command line:     cd /host

/root/.swiftpm/swift-sdks/swift-6.4.x-DEVELOPMENT-SNAPSHOT-2026-09-04-a_wasm.artifactbundle/swift-6.4.x-DEVELOPMENT-SNAPSHOT-2026-09-04-a_wasm/wasm32-unknown-wasip1/swift.xctoolchain/usr/lib/swift_static/shims/LibcOverlayShims.h:31:10: note: while building module 'SwiftWASILibc' imported from /root/.swiftpm/swift-sdks/swift-6.4.x-DEVELOPMENT-SNAPSHOT-2026-09-04-a_wasm.artifactbundle/swift-6.4.x-DEVELOPMENT-SNAPSHOT-2026-09-04-a_wasm/wasm32-unknown-wasip1/swift.xctoolchain/usr/lib/swift_static/shims/LibcOverlayShims.h:31:
 29 | typedef int mode_t;
 30 | #else
 31 | #include <semaphore.h>
    |          `- note: while building module 'SwiftWASILibc' imported from /root/.swiftpm/swift-sdks/swift-6.4.x-DEVELOPMENT-SNAPSHOT-2026-09-04-a_wasm.artifactbundle/swift-6.4.x-DEVELOPMENT-SNAPSHOT-2026-09-04-a_wasm/wasm32-unknown-wasip1/swift.xctoolchain/usr/lib/swift_static/shims/LibcOverlayShims.h:31:
 32 | #include <sys/ioctl.h>
 33 | #include <sys/types.h>
/root/.swiftpm/swift-sdks/swift-6.4.x-DEVELOPMENT-SNAPSHOT-2026-09-04-a_wasm.artifactbundle/swift-6.4.x-DEVELOPMENT-SNAPSHOT-2026-09-04-a_wasm/wasm32-unknown-wasip1/WASI.sdk/include/wasm32-wasip1/netinet/in.h:9:10: note: while building module 'std_inttypes_h' imported from /root/.swiftpm/swift-sdks/swift-6.4.x-DEVELOPMENT-SNAPSHOT-2026-09-04-a_wasm.artifactbundle/swift-6.4.x-DEVELOPMENT-SNAPSHOT-2026-09-04-a_wasm/wasm32-unknown-wasip1/WASI.sdk/include/wasm32-wasip1/netinet/in.h:9:
  7 |
  8 | #include <features.h>
  9 | #include <inttypes.h>
    |          `- note: while building module 'std_inttypes_h' imported from /root/.swiftpm/swift-sdks/swift-6.4.x-DEVELOPMENT-SNAPSHOT-2026-09-04-a_wasm.artifactbundle/swift-6.4.x-DEVELOPMENT-SNAPSHOT-2026-09-04-a_wasm/wasm32-unknown-wasip1/WASI.sdk/include/wasm32-wasip1/netinet/in.h:9:
 10 | #include <sys/socket.h>
 11 | #ifdef __wasilibc_unmodified_upstream /* Use alternate WASI libc headers */
<module-includes>:1:10: note: in file included from <module-includes>:1:
1 | #include "inttypes.h"
  |          `- note: in file included from <module-includes>:1:
2 |
/root/.swiftpm/swift-sdks/swift-6.4.x-DEVELOPMENT-SNAPSHOT-2026-09-04-a_wasm.artifactbundle/swift-6.4.x-DEVELOPMENT-SNAPSHOT-2026-09-04-a_wasm/wasm32-unknown-wasip1/WASI.sdk/include/c++/v1/inttypes.h:255:19: note: in file included from /root/.swiftpm/swift-sdks/swift-6.4.x-DEVELOPMENT-SNAPSHOT-2026-09-04-a_wasm.artifactbundle/swift-6.4.x-DEVELOPMENT-SNAPSHOT-2026-09-04-a_wasm/wasm32-unknown-wasip1/WASI.sdk/include/c++/v1/inttypes.h:255:
253 |
254 | #  if __has_include_next(<inttypes.h>)
255 | #    include_next <inttypes.h>
    |                   `- note: in file included from /root/.swiftpm/swift-sdks/swift-6.4.x-DEVELOPMENT-SNAPSHOT-2026-09-04-a_wasm.artifactbundle/swift-6.4.x-DEVELOPMENT-SNAPSHOT-2026-09-04-a_wasm/wasm32-unknown-wasip1/WASI.sdk/include/c++/v1/inttypes.h:255:
256 | #  endif
257 |
/root/.swiftpm/swift-sdks/swift-6.4.x-DEVELOPMENT-SNAPSHOT-2026-09-04-a_wasm.artifactbundle/swift-6.4.x-DEVELOPMENT-SNAPSHOT-2026-09-04-a_wasm/wasm32-unknown-wasip1/swift.xctoolchain/usr/lib/swift_static/clang/include/inttypes.h:24:15: error: cyclic dependency in module 'SwiftWASILibc': SwiftWASILibc -> std_inttypes_h -> SwiftWASILibc
 22 | #endif
 23 |
 24 | #include_next <inttypes.h>
    |               `- error: cyclic dependency in module 'SwiftWASILibc': SwiftWASILibc -> std_inttypes_h -> SwiftWASILibc
 25 |
 26 | #if defined(_MSC_VER) && _MSC_VER < 1900
/root/.swiftpm/swift-sdks/swift-6.4.x-DEVELOPMENT-SNAPSHOT-2026-09-04-a_wasm.artifactbundle/swift-6.4.x-DEVELOPMENT-SNAPSHOT-2026-09-04-a_wasm/wasm32-unknown-wasip1/swift.xctoolchain/usr/lib/swift_static/shims/LibcOverlayShims.h:31:10: note: while building module 'SwiftWASILibc' imported from /root/.swiftpm/swift-sdks/swift-6.4.x-DEVELOPMENT-SNAPSHOT-2026-09-04-a_wasm.artifactbundle/swift-6.4.x-DEVELOPMENT-SNAPSHOT-2026-09-04-a_wasm/wasm32-unknown-wasip1/swift.xctoolchain/usr/lib/swift_static/shims/LibcOverlayShims.h:31:
 29 | typedef int mode_t;
 30 | #else
 31 | #include <semaphore.h>
    |          `- note: while building module 'SwiftWASILibc' imported from /root/.swiftpm/swift-sdks/swift-6.4.x-DEVELOPMENT-SNAPSHOT-2026-09-04-a_wasm.artifactbundle/swift-6.4.x-DEVELOPMENT-SNAPSHOT-2026-09-04-a_wasm/wasm32-unknown-wasip1/swift.xctoolchain/usr/lib/swift_static/shims/LibcOverlayShims.h:31:
 32 | #include <sys/ioctl.h>
 33 | #include <sys/types.h>
<module-includes>:14:10: note: in file included from <module-includes>:14:
12 | #include "string.h"
13 | #include "time.h"
14 | #include "arpa/inet.h"
   |          `- note: in file included from <module-includes>:14:
15 | #include "cpio.h"
16 | #include "dirent.h"
/root/.swiftpm/swift-sdks/swift-6.4.x-DEVELOPMENT-SNAPSHOT-2026-09-04-a_wasm.artifactbundle/swift-6.4.x-DEVELOPMENT-SNAPSHOT-2026-09-04-a_wasm/wasm32-unknown-wasip1/WASI.sdk/include/wasm32-wasip1/arpa/inet.h:9:10: note: in file included from /root/.swiftpm/swift-sdks/swift-6.4.x-DEVELOPMENT-SNAPSHOT-2026-09-04-a_wasm.artifactbundle/swift-6.4.x-DEVELOPMENT-SNAPSHOT-2026-09-04-a_wasm/wasm32-unknown-wasip1/WASI.sdk/include/wasm32-wasip1/arpa/inet.h:9:
 7 |
 8 | #include <features.h>
 9 | #include <netinet/in.h>
   |          `- note: in file included from /root/.swiftpm/swift-sdks/swift-6.4.x-DEVELOPMENT-SNAPSHOT-2026-09-04-a_wasm.artifactbundle/swift-6.4.x-DEVELOPMENT-SNAPSHOT-2026-09-04-a_wasm/wasm32-unknown-wasip1/WASI.sdk/include/wasm32-wasip1/arpa/inet.h:9:
10 |
11 | uint32_t htonl(uint32_t);
/root/.swiftpm/swift-sdks/swift-6.4.x-DEVELOPMENT-SNAPSHOT-2026-09-04-a_wasm.artifactbundle/swift-6.4.x-DEVELOPMENT-SNAPSHOT-2026-09-04-a_wasm/wasm32-unknown-wasip1/WASI.sdk/include/wasm32-wasip1/netinet/in.h:9:10: error: could not build module 'std_inttypes_h'
  7 |
  8 | #include <features.h>
  9 | #include <inttypes.h>
    |          `- error: could not build module 'std_inttypes_h'
 10 | #include <sys/socket.h>
 11 | #ifdef __wasilibc_unmodified_upstream /* Use alternate WASI libc headers */
<module-includes>:1:10: note: in file included from <module-includes>:1:
1 | #include "LibcOverlayShims.h"
  |          `- note: in file included from <module-includes>:1:
2 |
/root/.swiftpm/swift-sdks/swift-6.4.x-DEVELOPMENT-SNAPSHOT-2026-09-04-a_wasm.artifactbundle/swift-6.4.x-DEVELOPMENT-SNAPSHOT-2026-09-04-a_wasm/wasm32-unknown-wasip1/swift.xctoolchain/usr/lib/swift_static/shims/LibcOverlayShims.h:31:10: error: could not build module 'SwiftWASILibc'
 29 | typedef int mode_t;
 30 | #else
 31 | #include <semaphore.h>
    |          `- error: could not build module 'SwiftWASILibc'
 32 | #include <sys/ioctl.h>
 33 | #include <sys/types.h>
 34 | #endif
 35 |
 36 | #include <errno.h>
    |          `- note: while building module 'std_errno_h' imported from /root/.swiftpm/swift-sdks/swift-6.4.x-DEVELOPMENT-SNAPSHOT-2026-09-04-a_wasm.artifactbundle/swift-6.4.x-DEVELOPMENT-SNAPSHOT-2026-09-04-a_wasm/wasm32-unknown-wasip1/swift.xctoolchain/usr/lib/swift_static/shims/LibcOverlayShims.h:36:
 37 | #include <fcntl.h>
 38 |
<module-includes>:1:10: note: in file included from <module-includes>:1:
1 | #include "errno.h"
  |          `- note: in file included from <module-includes>:1:
2 |
/root/.swiftpm/swift-sdks/swift-6.4.x-DEVELOPMENT-SNAPSHOT-2026-09-04-a_wasm.artifactbundle/swift-6.4.x-DEVELOPMENT-SNAPSHOT-2026-09-04-a_wasm/wasm32-unknown-wasip1/WASI.sdk/include/c++/v1/errno.h:35:19: error: could not build module 'SwiftWASILibc'
 33 |
 34 | #  if __has_include_next(<errno.h>)
 35 | #    include_next <errno.h>
    |                   `- error: could not build module 'SwiftWASILibc'
 36 | #  endif
 37 |
<unknown>:0: error: could not build C module 'SwiftOverlayShims'
Failed frontend command:
/usr/bin/swift-frontend -frontend -emit-module -experimental-skip-non-inlinable-function-bodies-without-types /host/spi-builder-workspace/.build/out/Intermediates.noindex/AUv3Support.build/Debug-webassembly-wasm32/AUv3Support-t.build/DerivedSources/resource_bundle_accessor.swift /host/spi-builder-workspace/Sources/AUv3Support/AudioUnit/AudioRenderer.swift /host/spi-builder-workspace/Sources/AUv3Support/AudioUnit/AudioUnitViewConfigurationManager.swift /host/spi-builder-workspace/Sources/AUv3Support/AudioUnit/FilterAudioUnit.swift /host/spi-builder-workspace/Sources/AUv3Support/AudioUnit/FilterAudioUnitFactory.swift /host/spi-builder-workspace/Sources/AUv3Support/Editors/AUParameterEditor.swift /host/spi-builder-workspace/Sources/AUv3Support/Editors/AUParameterEditorDelegate.swift /host/spi-builder-workspace/Sources/AUv3Support/Editors/AUParameterValueProvider.swift /host/spi-builder-workspace/Sources/AUv3Support/Editors/BooleanControl.swift /host/spi-builder-workspace/Sources/AUv3Support/Editors/BooleanParameterEditor.swift /host/spi-builder-workspace/Sources/AUv3Support/Editors/FloatParameterEditor.swift /host/spi-builder-workspace/Sources/AUv3Support/Editors/FocusAwareTextField.swift /host/spi-builder-workspace/Sources/AUv3Support/Editors/RangedControl.swift /host/spi-builder-workspace/Sources/AUv3Support/Editors/ValueEditor.swift /host/spi-builder-workspace/Sources/AUv3Support/Extensions/AUAudioUnitPreset.swift /host/spi-builder-workspace/Sources/AUv3Support/Extensions/AUParameter.swift /host/spi-builder-workspace/Sources/AUv3Support/Extensions/AUParameterTree.swift /host/spi-builder-workspace/Sources/AUv3Support/Extensions/AVAudioPCMBuffer.swift /host/spi-builder-workspace/Sources/AUv3Support/Extensions/AudioComponentDescription.swift /host/spi-builder-workspace/Sources/AUv3Support/Extensions/Bundle.swift /host/spi-builder-workspace/Sources/AUv3Support/Extensions/CALayer.swift /host/spi-builder-workspace/Sources/AUv3Support/Extensions/CATransaction.swift /host/spi-builder-workspace/Sources/AUv3Support/Extensions/ClosedRange.swift /host/spi-builder-workspace/Sources/AUv3Support/Extensions/Color.swift /host/spi-builder-workspace/Sources/AUv3Support/Extensions/Comparble.swift /host/spi-builder-workspace/Sources/AUv3Support/Extensions/FourCharCode.swift /host/spi-builder-workspace/Sources/AUv3Support/Extensions/Optional.swift /host/spi-builder-workspace/Sources/AUv3Support/Extensions/String.swift /host/spi-builder-workspace/Sources/AUv3Support/Extensions/TypeAliases.swift /host/spi-builder-workspace/Sources/AUv3Support/Extensions/View.swift /host/spi-builder-workspace/Sources/AUv3Support/Host/AudioUnitLoader.swift /host/spi-builder-workspace/Sources/AUv3Support/Host/SimplePlayEngine.swift /host/spi-builder-workspace/Sources/AUv3Support/Host/UserPresetsManager.swift /host/spi-builder-workspace/Sources/AUv3Support/Parameters/AUParameterFormatting.swift /host/spi-builder-workspace/Sources/AUv3Support/Parameters/AUParameterHandler.swift /host/spi-builder-workspace/Sources/AUv3Support/Parameters/ObservableAUParameter.swift /host/spi-builder-workspace/Sources/AUv3Support/Parameters/ParameterAddressHolder.swift /host/spi-builder-workspace/Sources/AUv3Support/Parameters/ParameterAddressProvider.swift /host/spi-builder-workspace/Sources/AUv3Support/Parameters/ParameterDefinition.swift /host/spi-builder-workspace/Sources/AUv3Support/Parameters/ParameterSource.swift /host/spi-builder-workspace/Sources/AUv3Support/Parameters/ParametricValue.swift /host/spi-builder-workspace/Sources/AUv3Support/Shared.swift -target wasm32-unknown-wasip1 -disable-objc-interop -cxx-interoperability-mode\=default -sdk /root/.swiftpm/swift-sdks/swift-6.4.x-DEVELOPMENT-SNAPSHOT-2026-09-04-a_wasm.artifactbundle/swift-6.4.x-DEVELOPMENT-SNAPSHOT-2026-09-04-a_wasm/wasm32-unknown-wasip1/WASI.sdk -sysroot /root/.swiftpm/swift-sdks/swift-6.4.x-DEVELOPMENT-SNAPSHOT-2026-09-04-a_wasm.artifactbundle/swift-6.4.x-DEVELOPMENT-SNAPSHOT-2026-09-04-a_wasm/wasm32-unknown-wasip1/WASI.sdk -I /host/spi-builder-workspace/.build/out/Products/Debug-webassembly-wasm32 -module-cache-path /host/spi-builder-workspace/.build/out/ModuleCache.noindex -color-diagnostics -Xcc -fcolor-diagnostics -enable-testing -g -debug-info-format\=dwarf -dwarf-version\=4 -swift-version 6 -Onone -D SWIFT_PACKAGE -D DEBUG -D SWIFT_MODULE_RESOURCE_BUNDLE_AVAILABLE -D APPLICATION_EXTENSION_API_ONLY -D Xcode -serialize-debugging-options -enable-experimental-feature DebugDescriptionMacro -empty-abi-descriptor -external-plugin-path /usr/lib/swift/host/plugins/testing\#/usr/bin/swift-plugin-server -validate-clang-modules-once -clang-build-session-file /host/spi-builder-workspace/.build/out/ModuleCache.noindex/Session.modulevalidation -Xcc -working-directory -Xcc /host -resource-dir /root/.swiftpm/swift-sdks/swift-6.4.x-DEVELOPMENT-SNAPSHOT-2026-09-04-a_wasm.artifactbundle/swift-6.4.x-DEVELOPMENT-SNAPSHOT-2026-09-04-a_wasm/wasm32-unknown-wasip1/swift.xctoolchain/usr/lib/swift_static -use-static-resource-dir -enable-anonymous-context-mangled-names -file-compilation-dir /host -Xcc -resource-dir -Xcc /root/.swiftpm/swift-sdks/swift-6.4.x-DEVELOPMENT-SNAPSHOT-2026-09-04-a_wasm.artifactbundle/swift-6.4.x-DEVELOPMENT-SNAPSHOT-2026-09-04-a_wasm/wasm32-unknown-wasip1/swift.xctoolchain/usr/lib/swift_static/clang -Xcc -fmodule-map-file\=/host/spi-builder-workspace/.build/out/Intermediates.noindex/GeneratedModuleMaps-webassembly-wasm32/DSPHeaders.modulemap -Xcc -std\=c++2b -Xcc -D_LIBCPP_HARDENING_MODE\=_LIBCPP_HARDENING_MODE_DEBUG -Xcc -fmodules-prune-interval\=86400 -Xcc -fmodules-prune-after\=345600 -Xcc -I/host/spi-builder-workspace/Sources/DSPHeaders/include -Xcc -I/host/spi-builder-workspace/.build/out/Products/Debug-webassembly-wasm32/include -Xcc -I/host/spi-builder-workspace/.build/out/Intermediates.noindex/AUv3Support.build/Debug-webassembly-wasm32/AUv3Support-t.build/DerivedSources-normal/wasm32 -Xcc -I/host/spi-builder-workspace/.build/out/Intermediates.noindex/AUv3Support.build/Debug-webassembly-wasm32/AUv3Support-t.build/DerivedSources/wasm32 -Xcc -I/host/spi-builder-workspace/.build/out/Intermediates.noindex/AUv3Support.build/Debug-webassembly-wasm32/AUv3Support-t.build/DerivedSources -Xcc -DSWIFT_PACKAGE -Xcc -DDEBUG\=1 -no-auto-bridging-header-chaining -module-name AUv3Support -package-name spi_builder_workspace -const-gather-protocols-file /host/spi-builder-workspace/.build/out/Intermediates.noindex/AUv3Support.build/Debug-webassembly-wasm32/AUv3Support-t.build/Objects-normal/wasm32/AUv3Support_const_extract_protocols.json -in-process-plugin-server-path /usr/lib/swift/host/libSwiftInProcPluginServer.so -plugin-path /usr/lib/swift/host/plugins -plugin-path /usr/local/lib/swift/host/plugins -emit-module-doc-path /host/spi-builder-workspace/.build/out/Intermediates.noindex/AUv3Support.build/Debug-webassembly-wasm32/AUv3Support-t.build/Objects-normal/wasm32/Modules/AUv3Support.swiftdoc -emit-module-source-info-path /host/spi-builder-workspace/.build/out/Intermediates.noindex/AUv3Support.build/Debug-webassembly-wasm32/AUv3Support-t.build/Objects-normal/wasm32/Modules/AUv3Support.swiftsourceinfo -emit-objc-header-path /host/spi-builder-workspace/.build/out/Intermediates.noindex/AUv3Support.build/Debug-webassembly-wasm32/AUv3Support-t.build/Objects-normal/wasm32/AUv3Support-Swift.h -serialize-diagnostics-path /host/spi-builder-workspace/.build/out/Intermediates.noindex/AUv3Support.build/Debug-webassembly-wasm32/AUv3Support-t.build/Objects-normal/wasm32/AUv3Support-primary-emit-module.dia -emit-dependencies-path /host/spi-builder-workspace/.build/out/Intermediates.noindex/AUv3Support.build/Debug-webassembly-wasm32/AUv3Support-t.build/Objects-normal/wasm32/AUv3Support-primary-emit-module.d -parse-as-library -o /host/spi-builder-workspace/.build/out/Intermediates.noindex/AUv3Support.build/Debug-webassembly-wasm32/AUv3Support-t.build/Objects-normal/wasm32/Modules/AUv3Support.swiftmodule
error: Build failed
BUILD FAILURE 6.4 wasm