Build Information
Failed to build CodableExtensions, reference master (4bd3dc), with Swift 6.4 for watchOS using Xcode 27.0 on 18 Sep 2026 18:47:10 UTC.
Build Command
env DEVELOPER_DIR=/Applications/Xcode-27.0.0-Release.Candidate.app xcrun xcodebuild -IDEClonedSourcePackagesDirPathOverride=$PWD/.dependencies -skipMacroValidation -skipPackagePluginValidation -derivedDataPath $PWD/.derivedData build -scheme CodableExtensions-Package -destination generic/platform=watchOSBuild Log
========================================
RunAll
========================================
Builder version: 5.1.0
Interrupt handler set up.
========================================
Checkout
========================================
Clone URL: https://github.com/Appsaurus/CodableExtensions.git
Reference: master
Initialized empty Git repository in /Users/admin/builder/spi-builder-workspace/.git/
From https://github.com/Appsaurus/CodableExtensions
* branch master -> FETCH_HEAD
* [new branch] master -> origin/master
HEAD is now at 4bd3dc5 Swift 5.5 support.
Cloned https://github.com/Appsaurus/CodableExtensions.git
Revision (git rev-parse @):
4bd3dc586fd4f90a9c4f07eced3a94874d9d849e
SUCCESS checkout https://github.com/Appsaurus/CodableExtensions.git at master
========================================
Build
========================================
Selected platform: watchOS
Swift version: 6.4
Building package at path: $PWD
https://github.com/Appsaurus/CodableExtensions.git
Command line invocation:
/Applications/Xcode-27.0.0-Release.Candidate.app/Contents/Developer/usr/bin/xcodebuild -IDEClonedSourcePackagesDirPathOverride=/Users/admin/builder/spi-builder-workspace/.dependencies -resolvePackageDependencies
resolved source packages:
{
"dependencies" : [
{
"identity" : "codability",
"requirement" : {
"range" : [
{
"lower_bound" : "0.2.0",
"upper_bound" : "1.0.0"
}
]
},
"type" : "sourceControl",
"url" : "https://github.com/yonaskolb/Codability.git"
},
{
"identity" : "runtimeextensions",
"requirement" : {
"range" : [
{
"lower_bound" : "1.0.1",
"upper_bound" : "2.0.0"
}
]
},
"type" : "sourceControl",
"url" : "https://github.com/Appsaurus/RuntimeExtensions"
},
{
"identity" : "swifttestutils",
"requirement" : {
"range" : [
{
"lower_bound" : "1.0.0",
"upper_bound" : "2.0.0"
}
]
},
"type" : "sourceControl",
"url" : "https://github.com/Appsaurus/SwiftTestUtils"
}
],
"manifest_display_name" : "CodableExtensions",
"name" : "CodableExtensions",
"path" : "/Users/admin/builder/spi-builder-workspace",
"platforms" : [
{
"name" : "macos",
"version" : "10.12"
},
{
"name" : "ios",
"version" : "10.0"
},
{
"name" : "tvos",
"version" : "9.2"
},
{
"name" : "watchos",
"version" : "3.0"
}
],
"products" : [
{
"name" : "CodableExtensions",
"targets" : [
"CodableExtensions"
],
"type" : {
"library" : [
"automatic"
]
}
}
],
"targets" : [
{
"c99name" : "CodableExtensionsTests",
"module_type" : "SwiftTarget",
"name" : "CodableExtensionsTests",
"path" : "CodableExtensionsTests/Shared",
"product_dependencies" : [
"SwiftTestUtils"
],
"sources" : [
"CodableExtensionsTests.swift",
"TestModels/CodableTestModels.swift"
],
"target_dependencies" : [
"CodableExtensions"
],
"type" : "test"
},
{
"c99name" : "CodableExtensions",
"module_type" : "SwiftTarget",
"name" : "CodableExtensions",
"path" : "Sources/Shared",
"product_dependencies" : [
"RuntimeExtensions",
"Codability"
],
"product_memberships" : [
"CodableExtensions"
],
"sources" : [
"AnyCodableExtensions.swift",
"Codable+URLQueryItems/Decodable+URLQueryItems.swift",
"Codable+URLQueryItems/Encodable+URLQueryItems.swift",
"Codable+URLQueryItems/URL+QueryItemsDecoding.swift",
"Codable+URLQueryItems/URLQueryItemEncoder.swift",
"CodableDefaults.swift",
"CodableExtensions.swift",
"CodableTransformer.swift",
"DecoderUpdatable.swift",
"KeyedContainer.swift",
"ReflectionCodable.swift"
],
"type" : "library"
}
],
"tools_version" : "5.5"
}
{
"project" : {
"configurations" : [
"Debug",
"Release"
],
"name" : "CodableExtensions",
"schemes" : [
"CodableExtensions-Package"
],
"targets" : [
"CRuntime",
"Codability",
"CodabilityPackageDescription",
"CodableExtensions",
"CodableExtensionsPackageDescription",
"CodableExtensionsPackageTests",
"CodableExtensionsTests",
"Runtime",
"RuntimeExtensions",
"RuntimeExtensionsPackageDescription",
"RuntimePackageDescription",
"SwiftTestUtils",
"SwiftTestUtilsPackageDescription"
]
}
}
Running build ...
env DEVELOPER_DIR=/Applications/Xcode-27.0.0-Release.Candidate.app xcrun xcodebuild -IDEClonedSourcePackagesDirPathOverride=$PWD/.dependencies -skipMacroValidation -skipPackagePluginValidation -derivedDataPath $PWD/.derivedData build -scheme CodableExtensions-Package -destination generic/platform=watchOS
Command line invocation:
/Applications/Xcode-27.0.0-Release.Candidate.app/Contents/Developer/usr/bin/xcodebuild -IDEClonedSourcePackagesDirPathOverride=/Users/admin/builder/spi-builder-workspace/.dependencies -skipMacroValidation -skipPackagePluginValidation -derivedDataPath /Users/admin/builder/spi-builder-workspace/.derivedData build -scheme CodableExtensions-Package -destination generic/platform=watchOS
ComputePackagePrebuildTargetDependencyGraph
Prepare packages
CreateBuildRequest
SendProjectDescription
CreateBuildOperation
ComputeTargetDependencyGraph
note: Building targets in dependency order
note: Target dependency graph (4 targets)
Target 'CodableExtensions' in project 'CodableExtensions'
➜ Explicit dependency on target 'Codability' in project 'CodableExtensions'
➜ Explicit dependency on target 'RuntimeExtensions' in project 'CodableExtensions'
➜ Explicit dependency on target 'Runtime' in project 'CodableExtensions'
Target 'RuntimeExtensions' in project 'CodableExtensions'
➜ Explicit dependency on target 'Runtime' in project 'CodableExtensions'
Target 'Runtime' in project 'CodableExtensions' (no dependencies)
Target 'Codability' in project 'CodableExtensions' (no dependencies)
GatherProvisioningInputs
CreateBuildDescription
ExecuteExternalTool /Applications/Xcode-27.0.0-Release.Candidate.app/Contents/Developer/Toolchains/XcodeDefault.xctoolchain/usr/bin/swiftc --version
ExecuteExternalTool /Applications/Xcode-27.0.0-Release.Candidate.app/Contents/Developer/Toolchains/XcodeDefault.xctoolchain/usr/bin/clang -v -E -dM -isysroot /Applications/Xcode-27.0.0-Release.Candidate.app/Contents/Developer/Platforms/WatchOS.platform/Developer/SDKs/WatchOS27.0.sdk -x c -c /dev/null
ExecuteExternalTool /Applications/Xcode-27.0.0-Release.Candidate.app/Contents/Developer/Toolchains/XcodeDefault.xctoolchain/usr/bin/ld -version_details
Build description signature: aa994fb115fb3645a00675f9e7659092
Build description path: /Users/admin/builder/spi-builder-workspace/.derivedData/Build/Intermediates.noindex/XCBuildData/aa994fb115fb3645a00675f9e7659092.xcbuilddata
/Users/admin/builder/spi-builder-workspace/CodableExtensions.xcodeproj: error: The watchOS deployment target 'WATCHOS_DEPLOYMENT_TARGET' is set to 2.0, but the range of supported deployment target versions is 9.0 to 27.0.x. (in target 'Runtime' from project 'CodableExtensions')
error: The armv7k architecture is deprecated. You should update your ARCHS build setting to remove the armv7k architecture. (in target 'Runtime' from project 'CodableExtensions')
/Users/admin/builder/spi-builder-workspace/CodableExtensions.xcodeproj: error: The watchOS deployment target 'WATCHOS_DEPLOYMENT_TARGET' is set to 3.0, but the range of supported deployment target versions is 9.0 to 27.0.x. (in target 'CodableExtensions' from project 'CodableExtensions')
error: The armv7k architecture is deprecated. You should update your ARCHS build setting to remove the armv7k architecture. (in target 'CodableExtensions' from project 'CodableExtensions')
/Users/admin/builder/spi-builder-workspace/CodableExtensions.xcodeproj: error: The watchOS deployment target 'WATCHOS_DEPLOYMENT_TARGET' is set to 2.0, but the range of supported deployment target versions is 9.0 to 27.0.x. (in target 'RuntimeExtensions' from project 'CodableExtensions')
error: The armv7k architecture is deprecated. You should update your ARCHS build setting to remove the armv7k architecture. (in target 'RuntimeExtensions' from project 'CodableExtensions')
** BUILD FAILED **
The following build commands failed:
Building project CodableExtensions with scheme CodableExtensions-Package
(1 failure)
Command line invocation:
/Applications/Xcode-27.0.0-Release.Candidate.app/Contents/Developer/usr/bin/xcodebuild -IDEClonedSourcePackagesDirPathOverride=/Users/admin/builder/spi-builder-workspace/.dependencies -resolvePackageDependencies
resolved source packages:
{
"dependencies" : [
{
"identity" : "codability",
"requirement" : {
"range" : [
{
"lower_bound" : "0.2.0",
"upper_bound" : "1.0.0"
}
]
},
"type" : "sourceControl",
"url" : "https://github.com/yonaskolb/Codability.git"
},
{
"identity" : "runtimeextensions",
"requirement" : {
"range" : [
{
"lower_bound" : "1.0.1",
"upper_bound" : "2.0.0"
}
]
},
"type" : "sourceControl",
"url" : "https://github.com/Appsaurus/RuntimeExtensions"
},
{
"identity" : "swifttestutils",
"requirement" : {
"range" : [
{
"lower_bound" : "1.0.0",
"upper_bound" : "2.0.0"
}
]
},
"type" : "sourceControl",
"url" : "https://github.com/Appsaurus/SwiftTestUtils"
}
],
"manifest_display_name" : "CodableExtensions",
"name" : "CodableExtensions",
"path" : "/Users/admin/builder/spi-builder-workspace",
"platforms" : [
{
"name" : "macos",
"version" : "10.12"
},
{
"name" : "ios",
"version" : "10.0"
},
{
"name" : "tvos",
"version" : "9.2"
},
{
"name" : "watchos",
"version" : "3.0"
}
],
"products" : [
{
"name" : "CodableExtensions",
"targets" : [
"CodableExtensions"
],
"type" : {
"library" : [
"automatic"
]
}
}
],
"targets" : [
{
"c99name" : "CodableExtensionsTests",
"module_type" : "SwiftTarget",
"name" : "CodableExtensionsTests",
"path" : "CodableExtensionsTests/Shared",
"product_dependencies" : [
"SwiftTestUtils"
],
"sources" : [
"CodableExtensionsTests.swift",
"TestModels/CodableTestModels.swift"
],
"target_dependencies" : [
"CodableExtensions"
],
"type" : "test"
},
{
"c99name" : "CodableExtensions",
"module_type" : "SwiftTarget",
"name" : "CodableExtensions",
"path" : "Sources/Shared",
"product_dependencies" : [
"RuntimeExtensions",
"Codability"
],
"product_memberships" : [
"CodableExtensions"
],
"sources" : [
"AnyCodableExtensions.swift",
"Codable+URLQueryItems/Decodable+URLQueryItems.swift",
"Codable+URLQueryItems/Encodable+URLQueryItems.swift",
"Codable+URLQueryItems/URL+QueryItemsDecoding.swift",
"Codable+URLQueryItems/URLQueryItemEncoder.swift",
"CodableDefaults.swift",
"CodableExtensions.swift",
"CodableTransformer.swift",
"DecoderUpdatable.swift",
"KeyedContainer.swift",
"ReflectionCodable.swift"
],
"type" : "library"
}
],
"tools_version" : "5.5"
}
{
"project" : {
"configurations" : [
"Debug",
"Release"
],
"name" : "CodableExtensions",
"schemes" : [
"CodableExtensions-Package"
],
"targets" : [
"CRuntime",
"Codability",
"CodabilityPackageDescription",
"CodableExtensions",
"CodableExtensionsPackageDescription",
"CodableExtensionsPackageTests",
"CodableExtensionsTests",
"Runtime",
"RuntimeExtensions",
"RuntimeExtensionsPackageDescription",
"RuntimePackageDescription",
"SwiftTestUtils",
"SwiftTestUtilsPackageDescription"
]
}
}
Running build ...
env DEVELOPER_DIR=/Applications/Xcode-27.0.0-Release.Candidate.app xcrun xcodebuild -IDEClonedSourcePackagesDirPathOverride=$PWD/.dependencies -skipMacroValidation -skipPackagePluginValidation -derivedDataPath $PWD/.derivedData build -scheme CodableExtensions-Package -destination generic/platform=watchOS
Command line invocation:
/Applications/Xcode-27.0.0-Release.Candidate.app/Contents/Developer/usr/bin/xcodebuild -IDEClonedSourcePackagesDirPathOverride=/Users/admin/builder/spi-builder-workspace/.dependencies -skipMacroValidation -skipPackagePluginValidation -derivedDataPath /Users/admin/builder/spi-builder-workspace/.derivedData build -scheme CodableExtensions-Package -destination generic/platform=watchOS
ComputePackagePrebuildTargetDependencyGraph
Prepare packages
CreateBuildRequest
SendProjectDescription
CreateBuildOperation
ComputeTargetDependencyGraph
note: Building targets in dependency order
note: Target dependency graph (4 targets)
Target 'CodableExtensions' in project 'CodableExtensions'
➜ Explicit dependency on target 'Codability' in project 'CodableExtensions'
➜ Explicit dependency on target 'RuntimeExtensions' in project 'CodableExtensions'
➜ Explicit dependency on target 'Runtime' in project 'CodableExtensions'
Target 'RuntimeExtensions' in project 'CodableExtensions'
➜ Explicit dependency on target 'Runtime' in project 'CodableExtensions'
Target 'Runtime' in project 'CodableExtensions' (no dependencies)
Target 'Codability' in project 'CodableExtensions' (no dependencies)
GatherProvisioningInputs
CreateBuildDescription
error: The armv7k architecture is deprecated. You should update your ARCHS build setting to remove the armv7k architecture. (in target 'RuntimeExtensions' from project 'CodableExtensions')
/Users/admin/builder/spi-builder-workspace/CodableExtensions.xcodeproj: error: The watchOS deployment target 'WATCHOS_DEPLOYMENT_TARGET' is set to 2.0, but the range of supported deployment target versions is 9.0 to 27.0.x. (in target 'RuntimeExtensions' from project 'CodableExtensions')
error: The armv7k architecture is deprecated. You should update your ARCHS build setting to remove the armv7k architecture. (in target 'CodableExtensions' from project 'CodableExtensions')
/Users/admin/builder/spi-builder-workspace/CodableExtensions.xcodeproj: error: The watchOS deployment target 'WATCHOS_DEPLOYMENT_TARGET' is set to 3.0, but the range of supported deployment target versions is 9.0 to 27.0.x. (in target 'CodableExtensions' from project 'CodableExtensions')
error: The armv7k architecture is deprecated. You should update your ARCHS build setting to remove the armv7k architecture. (in target 'Runtime' from project 'CodableExtensions')
/Users/admin/builder/spi-builder-workspace/CodableExtensions.xcodeproj: error: The watchOS deployment target 'WATCHOS_DEPLOYMENT_TARGET' is set to 2.0, but the range of supported deployment target versions is 9.0 to 27.0.x. (in target 'Runtime' from project 'CodableExtensions')
** BUILD FAILED **
The following build commands failed:
Building project CodableExtensions with scheme CodableExtensions-Package
(1 failure)
BUILD FAILURE 6.4 watchOS